Last updated on 2025-01-25 09:49:15 CET.
Flavor | Version | Tinstall | Tcheck | Ttotal | Status | Flags |
---|---|---|---|---|---|---|
r-devel-linux-x86_64-debian-clang | 1.0.0 | 2.95 | 35.83 | 38.78 | NOTE | |
r-devel-linux-x86_64-debian-gcc | 1.0.0 | 2.30 | 27.55 | 29.85 | NOTE | |
r-devel-linux-x86_64-fedora-clang | 1.0.0 | 63.32 | OK | |||
r-devel-linux-x86_64-fedora-gcc | 1.0.0 | 78.02 | NOTE | |||
r-devel-windows-x86_64 | 1.0.0 | 6.00 | 63.00 | 69.00 | OK | |
r-patched-linux-x86_64 | 1.0.0 | 3.32 | 33.27 | 36.59 | OK | |
r-release-linux-x86_64 | 1.0.0 | 3.17 | 33.30 | 36.47 | OK | |
r-release-macos-arm64 | 1.0.0 | 35.00 | OK | |||
r-release-macos-x86_64 | 1.0.0 | 49.00 | OK | |||
r-release-windows-x86_64 | 1.0.0 | 4.00 | 62.00 | 66.00 | OK | |
r-oldrel-macos-arm64 | 1.0.0 | 36.00 | OK | |||
r-oldrel-macos-x86_64 | 1.0.0 | 50.00 | OK | |||
r-oldrel-windows-x86_64 | 1.0.0 | 5.00 | 65.00 | 70.00 | OK |
Version: 1.0.0
Check: DESCRIPTION meta-information
Result: NOTE
Missing dependency on R >= 4.1.0 because package code uses the pipe
|> or function shorthand \(...) syntax added in R 4.1.0.
File(s) using such syntax:
‘utils.R’ ‘utils_aircrafts.R’ ‘utils_airfares.R’
‘utils_airport_movement.R’
Flavors: r-devel-linux-x86_64-debian-clang, r-devel-linux-x86_64-debian-gcc, r-devel-linux-x86_64-fedora-gcc