CRAN Package Check Results for Package fitode

Last updated on 2024-06-24 07:53:32 CEST.

Flavor Version Tinstall Tcheck Ttotal Status Flags
r-devel-linux-x86_64-debian-clang 0.1.1 16.06 381.62 397.68 OK
r-devel-linux-x86_64-debian-gcc 0.1.1 12.99 257.87 270.86 OK
r-devel-linux-x86_64-fedora-clang 0.1.1 478.87 OK
r-devel-linux-x86_64-fedora-gcc 0.1.1 462.83 OK
r-devel-windows-x86_64 0.1.1 14.00 288.00 302.00 OK
r-patched-linux-x86_64 0.1.1 19.35 361.20 380.55 OK
r-release-linux-x86_64 0.1.1 18.39 353.46 371.85 OK
r-release-macos-arm64 0.1.1 121.00 OK
r-release-macos-x86_64 0.1.1 221.00 WARN
r-release-windows-x86_64 0.1.1 15.00 290.00 305.00 OK
r-oldrel-macos-arm64 0.1.1 125.00 OK
r-oldrel-macos-x86_64 0.1.1 248.00 OK
r-oldrel-windows-x86_64 0.1.1 17.00 387.00 404.00 OK

Check Details

Version: 0.1.1
Check: re-building of vignette outputs
Result: WARN Error(s) in re-building vignettes: ... --- re-building ‘fitode.Rnw’ using knitr Error: processing vignette 'fitode.Rnw' failed with diagnostics: Running 'texi2dvi' on 'fitode.tex' failed. LaTeX errors: ! Undefined control sequence. l.130 \hlkwd{library}\hldef {(ggplot2);} \hlkwd{theme_set}\hldef{(}\hlkwd{the... ? ! Emergency stop. l.130 End of file on the terminal! ! ==> Fatal error occurred, no output PDF file produced! --- failed re-building ‘fitode.Rnw’ SUMMARY: processing the following file failed: ‘fitode.Rnw’ Error: Vignette re-building failed. Execution halted Flavor: r-release-macos-x86_64