CRAN Package Check Results for Package findR

Last updated on 2024-06-24 07:53:32 CEST.

Flavor Version Tinstall Tcheck Ttotal Status Flags
r-devel-linux-x86_64-debian-clang 0.2.1 2.91 23.74 26.65 NOTE
r-devel-linux-x86_64-debian-gcc 0.2.1 1.96 18.72 20.68 NOTE
r-devel-linux-x86_64-fedora-clang 0.2.1 33.95 NOTE
r-devel-linux-x86_64-fedora-gcc 0.2.1 31.41 NOTE
r-devel-windows-x86_64 0.2.1 4.00 41.00 45.00 NOTE
r-patched-linux-x86_64 0.2.1 2.61 22.86 25.47 NOTE
r-release-linux-x86_64 0.2.1 2.73 22.72 25.45 NOTE
r-release-macos-arm64 0.2.1 14.00 NOTE
r-release-macos-x86_64 0.2.1 21.00 NOTE
r-release-windows-x86_64 0.2.1 3.00 40.00 43.00 NOTE
r-oldrel-macos-arm64 0.2.1 16.00 NOTE
r-oldrel-macos-x86_64 0.2.1 20.00 NOTE
r-oldrel-windows-x86_64 0.2.1 4.00 41.00 45.00 NOTE

Check Details

Version: 0.2.1
Check: LazyData
Result: NOTE 'LazyData' is specified without a 'data' directory Flavors: r-devel-linux-x86_64-debian-clang, r-devel-linux-x86_64-debian-gcc, r-devel-linux-x86_64-fedora-clang, r-devel-linux-x86_64-fedora-gcc, r-devel-windows-x86_64, r-patched-linux-x86_64, r-release-linux-x86_64, r-release-macos-arm64, r-release-macos-x86_64, r-release-windows-x86_64, r-oldrel-macos-arm64, r-oldrel-macos-x86_64, r-oldrel-windows-x86_64