CRAN Package Check Results for Package filearray

Last updated on 2024-06-24 07:53:32 CEST.

Flavor Version Tinstall Tcheck Ttotal Status Flags
r-devel-linux-x86_64-debian-clang 0.1.6 125.56 111.92 237.48 NOTE
r-devel-linux-x86_64-debian-gcc 0.1.6 87.19 77.64 164.83 NOTE
r-devel-linux-x86_64-fedora-clang 0.1.6 355.36 NOTE
r-devel-linux-x86_64-fedora-gcc 0.1.6 347.81 NOTE
r-devel-windows-x86_64 0.1.6 102.00 121.00 223.00 NOTE
r-patched-linux-x86_64 0.1.6 110.60 107.96 218.56 OK
r-release-linux-x86_64 0.1.6 106.80 108.57 215.37 OK
r-release-macos-arm64 0.1.6 67.00 OK
r-release-macos-x86_64 0.1.6 99.00 OK
r-release-windows-x86_64 0.1.6 106.00 124.00 230.00 OK
r-oldrel-macos-arm64 0.1.6 92.00 OK
r-oldrel-macos-x86_64 0.1.6 160.00 OK
r-oldrel-windows-x86_64 0.1.6 102.00 141.00 243.00 OK

Check Details

Version: 0.1.6
Check: compiled code
Result: NOTE File ‘filearray/libs/filearray.so’: Found non-API call to R: ‘R_PromiseExpr’ Compiled code should not call non-API entry points in R. See ‘Writing portable packages’ in the ‘Writing R Extensions’ manual. Flavors: r-devel-linux-x86_64-debian-clang, r-devel-linux-x86_64-fedora-clang, r-devel-linux-x86_64-fedora-gcc

Version: 0.1.6
Check: compiled code
Result: NOTE File ‘filearray/libs/filearray.so’: Found non-API calls to R: ‘PRENV’, ‘R_PromiseExpr’ Compiled code should not call non-API entry points in R. See ‘Writing portable packages’ in the ‘Writing R Extensions’ manual. Flavor: r-devel-linux-x86_64-debian-gcc

Version: 0.1.6
Check: compiled code
Result: NOTE File 'filearray/libs/x64/filearray.dll': Found non-API calls to R: 'PRENV', 'R_PromiseExpr' Compiled code should not call non-API entry points in R. See 'Writing portable packages' in the 'Writing R Extensions' manual. Flavor: r-devel-windows-x86_64