CRAN Package Check Results for Package fdaSP

Last updated on 2024-04-24 07:57:39 CEST.

Flavor Version Tinstall Tcheck Ttotal Status Flags
r-devel-linux-x86_64-debian-clang 1.1.1 306.52 106.87 413.39 OK
r-devel-linux-x86_64-debian-gcc 1.1.1 219.13 76.60 295.73 OK
r-devel-linux-x86_64-fedora-clang 1.1.1 487.26 OK
r-devel-linux-x86_64-fedora-gcc 1.1.1 535.06 OK
r-prerel-macos-arm64 1.1.1 119.00 NOTE
r-prerel-windows-x86_64 1.1.1 188.00 118.00 306.00 OK
r-patched-linux-x86_64 1.1.1 248.60 102.38 350.98 OK
r-release-linux-x86_64 1.1.1 269.46 100.49 369.95 OK
r-release-macos-arm64 1.1.1 130.00 NOTE
r-release-macos-x86_64 1.1.1 272.00 NOTE
r-release-windows-x86_64 1.1.1 235.00 140.00 375.00 OK
r-oldrel-macos-arm64 1.1.1 132.00 NOTE
r-oldrel-windows-x86_64 1.1.1 221.00 131.00 352.00 OK

Check Details

Version: 1.1.1
Check: installed package size
Result: NOTE installed size is 25.5Mb sub-directories of 1Mb or more: libs 25.1Mb Flavors: r-prerel-macos-arm64, r-release-macos-arm64, r-release-macos-x86_64, r-oldrel-macos-arm64