CRAN Package Check Results for Package fastadi

Last updated on 2024-06-13 07:50:28 CEST.

Flavor Version Tinstall Tcheck Ttotal Status Flags
r-devel-linux-x86_64-debian-clang 0.1.1 129.20 139.88 269.08 NOTE
r-devel-linux-x86_64-debian-gcc 0.1.1 75.02 56.68 131.70 ERROR
r-devel-linux-x86_64-fedora-clang 0.1.1 395.43 NOTE
r-devel-linux-x86_64-fedora-gcc 0.1.1 382.01 NOTE
r-devel-windows-x86_64 0.1.1 91.00 151.00 242.00 NOTE
r-patched-linux-x86_64 0.1.1 97.40 173.24 270.64 NOTE
r-release-linux-x86_64 0.1.1 92.95 169.91 262.86 NOTE
r-release-macos-arm64 0.1.1 102.00 NOTE
r-release-macos-x86_64 0.1.1 130.00 NOTE
r-release-windows-x86_64 0.1.1 92.00 167.00 259.00 NOTE
r-oldrel-macos-arm64 0.1.1 116.00 NOTE
r-oldrel-macos-x86_64 0.1.1 183.00 NOTE
r-oldrel-windows-x86_64 0.1.1 112.00 182.00 294.00 NOTE

Check Details

Version: 0.1.1
Check: C++ specification
Result: NOTE Specified C++11: please drop specification unless essential Flavors: r-devel-linux-x86_64-debian-clang, r-devel-linux-x86_64-debian-gcc, r-devel-linux-x86_64-fedora-clang, r-devel-linux-x86_64-fedora-gcc, r-devel-windows-x86_64, r-patched-linux-x86_64, r-release-linux-x86_64, r-release-macos-arm64, r-release-macos-x86_64, r-release-windows-x86_64, r-oldrel-macos-arm64, r-oldrel-macos-x86_64, r-oldrel-windows-x86_64

Version: 0.1.1
Check: package dependencies
Result: NOTE Package suggested but not available for checking: ‘testthat’ Flavor: r-devel-linux-x86_64-debian-gcc

Version: 0.1.1
Check: tests
Result: ERROR Running ‘testthat.R’ [0s/1s] Running the tests in ‘tests/testthat.R’ failed. Complete output: > library(testthat) Error in library(testthat) : there is no package called 'testthat' Execution halted Flavor: r-devel-linux-x86_64-debian-gcc