CRAN Package Check Results for Package fastLink

Last updated on 2023-01-31 17:54:04 CET.

Flavor Version Tinstall Tcheck Ttotal Status Flags
r-devel-linux-x86_64-debian-clang 0.6.0 67.28 137.54 204.82 OK
r-devel-linux-x86_64-debian-gcc 0.6.0 56.45 101.77 158.22 OK
r-devel-linux-x86_64-fedora-clang 0.6.0 277.49 NOTE
r-devel-linux-x86_64-fedora-gcc 0.6.0 260.84 OK
r-devel-windows-x86_64 0.6.0 79.00 192.00 271.00 NOTE
r-patched-linux-x86_64 0.6.0 44.39 133.83 178.22 OK
r-release-linux-x86_64 0.6.0 49.71 132.22 181.93 OK
r-release-macos-arm64 0.6.0 71.00 NOTE
r-release-macos-x86_64 0.6.0 134.00 NOTE
r-release-windows-x86_64 0.6.0 87.00 192.00 279.00 NOTE
r-oldrel-macos-arm64 0.6.0 79.00 NOTE
r-oldrel-macos-x86_64 0.6.0 117.00 NOTE
r-oldrel-windows-ix86+x86_64 0.6.0 155.00 214.00 369.00 NOTE

Check Details

Version: 0.6.0
Check: installed package size
Result: NOTE
     installed size is 5.4Mb
     sub-directories of 1Mb or more:
     data 4.8Mb
Flavors: r-devel-linux-x86_64-fedora-clang, r-devel-windows-x86_64, r-release-macos-arm64, r-release-macos-x86_64, r-release-windows-x86_64, r-oldrel-macos-arm64, r-oldrel-macos-x86_64, r-oldrel-windows-ix86+x86_64