CRAN Package Check Results for Package farff

Last updated on 2024-05-21 19:50:16 CEST.

Flavor Version Tinstall Tcheck Ttotal Status Flags
r-devel-linux-x86_64-debian-clang 1.1.1 6.78 46.60 53.38 OK
r-devel-linux-x86_64-debian-gcc 1.1.1 5.59 34.69 40.28 OK
r-devel-linux-x86_64-fedora-clang 1.1.1 69.06 NOTE
r-devel-linux-x86_64-fedora-gcc 1.1.1 62.53 OK
r-devel-windows-x86_64 1.1.1 10.00 56.00 66.00 OK
r-patched-linux-x86_64 1.1.1 4.88 44.02 48.90 OK
r-release-linux-x86_64 1.1.1 5.34 44.67 50.01 OK
r-release-macos-arm64 1.1.1 26.00 OK
r-release-windows-x86_64 1.1.1 13.00 54.00 67.00 OK
r-oldrel-macos-arm64 1.1.1 28.00 OK
r-oldrel-macos-x86_64 1.1.1 38.00 OK
r-oldrel-windows-x86_64 1.1.1 12.00 61.00 73.00 OK

Check Details

Version: 1.1.1
Check: Rd cross-references
Result: NOTE Undeclared package ‘RWeka’ in Rd xrefs Flavor: r-devel-linux-x86_64-fedora-clang