CRAN Package Check Results for Package facerec

Last updated on 2024-07-23 20:49:07 CEST.

Flavor Version Tinstall Tcheck Ttotal Status Flags
r-devel-linux-x86_64-debian-clang 0.1.0 5.84 48.97 54.81 NOTE
r-devel-linux-x86_64-debian-gcc 0.1.0 3.88 36.26 40.14 NOTE
r-devel-linux-x86_64-fedora-clang 0.1.0 67.36 NOTE
r-devel-linux-x86_64-fedora-gcc 0.1.0 75.56 NOTE
r-devel-windows-x86_64 0.1.0 7.00 59.00 66.00 NOTE
r-patched-linux-x86_64 0.1.0 5.83 45.49 51.32 NOTE
r-release-linux-x86_64 0.1.0 4.55 45.43 49.98 NOTE
r-release-macos-arm64 0.1.0 29.00 NOTE
r-release-macos-x86_64 0.1.0 43.00 NOTE
r-release-windows-x86_64 0.1.0 6.00 58.00 64.00 NOTE
r-oldrel-macos-arm64 0.1.0 30.00 NOTE
r-oldrel-macos-x86_64 0.1.0 43.00 NOTE
r-oldrel-windows-x86_64 0.1.0 8.00 62.00 70.00 NOTE

Check Details

Version: 0.1.0
Check: LazyData
Result: NOTE 'LazyData' is specified without a 'data' directory Flavors: r-devel-linux-x86_64-debian-clang, r-devel-linux-x86_64-debian-gcc, r-devel-linux-x86_64-fedora-clang, r-devel-linux-x86_64-fedora-gcc, r-devel-windows-x86_64, r-patched-linux-x86_64, r-release-linux-x86_64, r-release-macos-arm64, r-release-macos-x86_64, r-release-windows-x86_64, r-oldrel-macos-arm64, r-oldrel-macos-x86_64, r-oldrel-windows-x86_64