CRAN Package Check Results for Package evidence

Last updated on 2024-06-17 19:51:29 CEST.

Flavor Version Tinstall Tcheck Ttotal Status Flags
r-devel-linux-x86_64-debian-clang 0.8.10 29.67 263.96 293.63 NOTE
r-devel-linux-x86_64-debian-gcc 0.8.10 22.58 193.88 216.46 NOTE
r-devel-linux-x86_64-fedora-clang 0.8.10 391.28 NOTE
r-devel-linux-x86_64-fedora-gcc 0.8.10 363.55 NOTE
r-devel-windows-x86_64 0.8.10 24.00 194.00 218.00 NOTE
r-patched-linux-x86_64 0.8.10 29.12 251.69 280.81 NOTE
r-release-linux-x86_64 0.8.10 28.57 255.21 283.78 NOTE
r-release-macos-arm64 0.8.10 89.00 NOTE
r-release-macos-x86_64 0.8.10 128.00 NOTE
r-release-windows-x86_64 0.8.10 24.00 196.00 220.00 NOTE
r-oldrel-macos-arm64 0.8.10 82.00 NOTE
r-oldrel-macos-x86_64 0.8.10 143.00 NOTE
r-oldrel-windows-x86_64 0.8.10 24.00 246.00 270.00 NOTE

Check Details

Version: 0.8.10
Check: Rd files
Result: NOTE checkRd: (-1) Snoring.Rd:21: Escaped LaTeX specials: \& Flavors: r-devel-linux-x86_64-debian-clang, r-devel-linux-x86_64-debian-gcc, r-devel-linux-x86_64-fedora-clang, r-devel-linux-x86_64-fedora-gcc, r-devel-windows-x86_64, r-patched-linux-x86_64, r-release-linux-x86_64, r-release-macos-arm64, r-release-macos-x86_64, r-release-windows-x86_64, r-oldrel-macos-arm64, r-oldrel-macos-x86_64, r-oldrel-windows-x86_64