CRAN Package Check Results for Package event

Last updated on 2024-06-24 07:53:32 CEST.

Flavor Version Tinstall Tcheck Ttotal Status Flags
r-devel-linux-x86_64-debian-clang 1.1.1 8.42 47.24 55.66 NOTE
r-devel-linux-x86_64-debian-gcc 1.1.1 5.87 33.94 39.81 NOTE
r-devel-linux-x86_64-fedora-clang 1.1.1 67.85 NOTE
r-devel-linux-x86_64-fedora-gcc 1.1.1 64.54 NOTE
r-devel-windows-x86_64 1.1.1 10.00 68.00 78.00 NOTE
r-patched-linux-x86_64 1.1.1 8.02 45.47 53.49 NOTE
r-release-linux-x86_64 1.1.1 7.17 43.62 50.79 NOTE
r-release-macos-arm64 1.1.1 22.00 NOTE
r-release-macos-x86_64 1.1.1 36.00 NOTE
r-release-windows-x86_64 1.1.1 10.00 67.00 77.00 NOTE
r-oldrel-macos-arm64 1.1.1 23.00 NOTE
r-oldrel-macos-x86_64 1.1.1 37.00 NOTE
r-oldrel-windows-x86_64 1.1.1 11.00 73.00 84.00 NOTE

Check Details

Version: 1.1.1
Check: package subdirectories
Result: NOTE Problems with news in ‘NEWS.md’: No news entries found. Flavors: r-devel-linux-x86_64-debian-clang, r-devel-linux-x86_64-debian-gcc, r-devel-linux-x86_64-fedora-clang, r-devel-linux-x86_64-fedora-gcc, r-devel-windows-x86_64, r-patched-linux-x86_64, r-release-linux-x86_64, r-release-macos-arm64, r-release-macos-x86_64, r-release-windows-x86_64, r-oldrel-macos-arm64, r-oldrel-macos-x86_64, r-oldrel-windows-x86_64

Version: 1.1.1
Check: LazyData
Result: NOTE 'LazyData' is specified without a 'data' directory Flavors: r-devel-linux-x86_64-debian-clang, r-devel-linux-x86_64-debian-gcc, r-devel-linux-x86_64-fedora-clang, r-devel-linux-x86_64-fedora-gcc, r-devel-windows-x86_64, r-patched-linux-x86_64, r-release-linux-x86_64, r-release-macos-arm64, r-release-macos-x86_64, r-release-windows-x86_64, r-oldrel-macos-arm64, r-oldrel-macos-x86_64, r-oldrel-windows-x86_64