CRAN Package Check Results for Package ergMargins

Last updated on 2024-06-17 07:49:33 CEST.

Flavor Version Tinstall Tcheck Ttotal Status Flags
r-devel-linux-x86_64-debian-clang 1.3 17.04 113.44 130.48 OK
r-devel-linux-x86_64-debian-gcc 1.3 10.54 81.31 91.85 OK
r-devel-linux-x86_64-fedora-clang 1.3 162.79 NOTE
r-devel-linux-x86_64-fedora-gcc 1.3 154.30 NOTE
r-devel-windows-x86_64 1.3 14.00 89.00 103.00 OK
r-patched-linux-x86_64 1.3 14.96 107.83 122.79 NOTE
r-release-linux-x86_64 1.3 13.29 104.99 118.28 OK
r-release-macos-arm64 1.3 45.00 OK
r-release-macos-x86_64 1.3 66.00 OK
r-release-windows-x86_64 1.3 15.00 89.00 104.00 OK
r-oldrel-macos-arm64 1.3 45.00 OK
r-oldrel-macos-x86_64 1.3 129.00 OK
r-oldrel-windows-x86_64 1.3 18.00 109.00 127.00 OK

Check Details

Version: 1.3
Check: Rd cross-references
Result: NOTE Undeclared package ‘margins’ in Rd xrefs Flavor: r-devel-linux-x86_64-fedora-clang

Version: 1.3
Check: Rd cross-references
Result: NOTE Unknown package ‘margins’ in Rd xrefs Flavors: r-devel-linux-x86_64-fedora-gcc, r-patched-linux-x86_64