CRAN Package Check Results for Package eoa3

Last updated on 2024-07-21 08:49:16 CEST.

Flavor Version Tinstall Tcheck Ttotal Status Flags
r-devel-linux-x86_64-debian-clang 1.0.0.1 3.94 34.39 38.33 OK
r-devel-linux-x86_64-debian-gcc 1.0.0.1 2.72 26.33 29.05 NOTE
r-devel-linux-x86_64-fedora-clang 1.0.0.1 47.69 OK
r-devel-linux-x86_64-fedora-gcc 1.0.0.1 44.78 OK
r-devel-windows-x86_64 1.0.0.1 6.00 50.00 56.00 NOTE
r-patched-linux-x86_64 1.0.0.1 7.95 33.97 41.92 OK
r-release-linux-x86_64 1.0.0.1 2.64 33.59 36.23 OK
r-release-macos-arm64 1.0.0.1 19.00 OK
r-release-macos-x86_64 1.0.0.1 28.00 OK
r-release-windows-x86_64 1.0.0.1 5.00 48.00 53.00 OK
r-oldrel-macos-arm64 1.0.0.1 20.00 OK
r-oldrel-macos-x86_64 1.0.0.1 37.00 OK
r-oldrel-windows-x86_64 1.0.0.1 5.00 51.00 56.00 OK

Check Details

Version: 1.0.0.1
Check: Rd cross-references
Result: NOTE Found the following Rd file(s) with Rd \link{} targets missing package anchors: eoa3.Rd: ppersist Please provide package anchors for all Rd \link{} targets not in the package itself and the base packages. Flavors: r-devel-linux-x86_64-debian-gcc, r-devel-windows-x86_64