CRAN Package Check Results for Package ensembleTax

Last updated on 2024-05-21 19:50:15 CEST.

Flavor Version Tinstall Tcheck Ttotal Status Flags
r-devel-linux-x86_64-debian-clang 1.1.1 5.10 64.14 69.24 OK
r-devel-linux-x86_64-debian-gcc 1.1.1 4.35 49.05 53.40 OK
r-devel-linux-x86_64-fedora-clang 1.1.1 92.13 NOTE
r-devel-linux-x86_64-fedora-gcc 1.1.1 95.22 NOTE
r-devel-windows-x86_64 1.1.1 8.00 73.00 81.00 OK
r-patched-linux-x86_64 1.1.1 6.06 62.00 68.06 OK
r-release-linux-x86_64 1.1.1 5.99 60.60 66.59 OK
r-release-macos-arm64 1.1.1 36.00 OK
r-release-macos-x86_64 1.1.1 66.00 OK
r-release-windows-x86_64 1.1.1 8.00 71.00 79.00 OK
r-oldrel-macos-arm64 1.1.1 41.00 OK
r-oldrel-macos-x86_64 1.1.1 52.00 OK
r-oldrel-windows-x86_64 1.1.1 10.00 79.00 89.00 OK

Check Details

Version: 1.1.1
Check: dependencies in R code
Result: NOTE Namespaces in Imports field not imported from: ‘Biostrings’ ‘DECIPHER’ ‘ggplot2’ ‘reshape2’ ‘usethis’ All declared Imports should be used. Flavors: r-devel-linux-x86_64-fedora-clang, r-devel-linux-x86_64-fedora-gcc