CRAN Package Check Results for Package encryptedRmd

Last updated on 2024-05-20 19:51:24 CEST.

Flavor Version Tinstall Tcheck Ttotal Status Flags
r-devel-linux-x86_64-debian-clang 0.2.1 2.27 22.48 24.75 NOTE
r-devel-linux-x86_64-debian-gcc 0.2.1 1.70 17.81 19.51 NOTE
r-devel-linux-x86_64-fedora-clang 0.2.1 32.85 NOTE
r-devel-linux-x86_64-fedora-gcc 0.2.1 30.22 NOTE
r-devel-windows-x86_64 0.2.1 3.00 39.00 42.00 NOTE
r-patched-linux-x86_64 0.2.1 1.96 21.92 23.88 NOTE
r-release-linux-x86_64 0.2.1 1.70 22.18 23.88 NOTE
r-release-macos-arm64 0.2.1 17.00 NOTE
r-release-windows-x86_64 0.2.1 4.00 40.00 44.00 NOTE
r-oldrel-macos-arm64 0.2.1 17.00 NOTE
r-oldrel-macos-x86_64 0.2.1 19.00 NOTE
r-oldrel-windows-x86_64 0.2.1 4.00 42.00 46.00 NOTE

Check Details

Version: 0.2.1
Check: LazyData
Result: NOTE 'LazyData' is specified without a 'data' directory Flavors: r-devel-linux-x86_64-debian-clang, r-devel-linux-x86_64-debian-gcc, r-devel-linux-x86_64-fedora-clang, r-devel-linux-x86_64-fedora-gcc, r-devel-windows-x86_64, r-patched-linux-x86_64, r-release-linux-x86_64, r-release-macos-arm64, r-release-windows-x86_64, r-oldrel-macos-arm64, r-oldrel-macos-x86_64, r-oldrel-windows-x86_64