CRAN Package Check Results for Package emdi

Last updated on 2024-06-12 19:54:17 CEST.

Flavor Version Tinstall Tcheck Ttotal Status Flags
r-devel-linux-x86_64-debian-clang 2.2.1 37.28 233.51 270.79 OK
r-devel-linux-x86_64-debian-gcc 2.2.2 0.75 1.93 2.68 ERROR
r-devel-linux-x86_64-fedora-clang 2.2.2 343.15 NOTE
r-devel-linux-x86_64-fedora-gcc 2.2.2 334.00 NOTE
r-devel-windows-x86_64 2.2.1 24.00 169.00 193.00 OK
r-patched-linux-x86_64 2.2.1 38.75 224.27 263.02 OK
r-release-linux-x86_64 2.2.1 18.79 220.19 238.98 OK
r-release-macos-arm64 74.00 OK
r-release-macos-x86_64 2.2.2 277.00 OK
r-release-windows-x86_64 2.2.1 25.00 166.00 191.00 OK
r-oldrel-macos-arm64 2.2.2 109.00 OK
r-oldrel-macos-x86_64 2.2.2 229.00 OK
r-oldrel-windows-x86_64 2.2.2 26.00 204.00 230.00 OK

Check Details

Version: 2.2.2
Check: package dependencies
Result: ERROR Packages required but not available: 'ggplot2', 'reshape2', 'stringr', 'HLMdiag', 'readODS', 'saeRobust' Package suggested but not available for checking: ‘testthat’ See section ‘The DESCRIPTION file’ in the ‘Writing R Extensions’ manual. Flavor: r-devel-linux-x86_64-debian-gcc

Version: 2.2.2
Check: data for non-ASCII characters
Result: NOTE Note: found 50 marked Latin-1 strings Flavors: r-devel-linux-x86_64-fedora-clang, r-devel-linux-x86_64-fedora-gcc