Last updated on 2023-01-31 17:54:03 CET.
Flavor | Version | Tinstall | Tcheck | Ttotal | Status | Flags |
---|---|---|---|---|---|---|
r-devel-linux-x86_64-debian-clang | 1.0.1 | 8.62 | 208.38 | 217.00 | WARN | |
r-devel-linux-x86_64-debian-gcc | 1.0.1 | 7.03 | 147.85 | 154.88 | WARN | |
r-devel-linux-x86_64-fedora-clang | 1.0.1 | 262.98 | WARN | |||
r-devel-linux-x86_64-fedora-gcc | 1.0.1 | 265.70 | WARN | |||
r-devel-windows-x86_64 | 1.0.1 | 31.00 | 326.00 | 357.00 | OK | |
r-patched-linux-x86_64 | 1.0.1 | 9.14 | 191.05 | 200.19 | OK | |
r-release-linux-x86_64 | 1.0.1 | 9.70 | 193.07 | 202.77 | OK | |
r-release-macos-arm64 | 1.0.1 | 82.00 | NOTE | |||
r-release-macos-x86_64 | 1.0.1 | 128.00 | NOTE | |||
r-release-windows-x86_64 | 1.0.1 | 52.00 | 339.00 | 391.00 | OK | |
r-oldrel-macos-arm64 | 1.0.1 | 99.00 | NOTE | |||
r-oldrel-macos-x86_64 | 1.0.1 | 188.00 | NOTE | |||
r-oldrel-windows-ix86+x86_64 | 1.0.1 | 27.00 | 350.00 | 377.00 | OK |
Version: 1.0.1
Check: whether package can be installed
Result: WARN
Found the following significant warnings:
./eicm.h:70:27: warning: a function declaration without a prototype is deprecated in all versions of C [-Wstrict-prototypes]
See ‘/home/hornik/tmp/R.check/r-devel-clang/Work/PKGS/eicm.Rcheck/00install.out’ for details.
* used C compiler: ‘Debian clang version 15.0.6’
Flavor: r-devel-linux-x86_64-debian-clang
Version: 1.0.1
Check: whether package can be installed
Result: WARN
Found the following significant warnings:
eicm.h:70:19: warning: function declaration isn’t a prototype [-Wstrict-prototypes]
See ‘/home/hornik/tmp/R.check/r-devel-gcc/Work/PKGS/eicm.Rcheck/00install.out’ for details.
* used C compiler: ‘gcc-12 (Debian 12.2.0-14) 12.2.0’
Flavor: r-devel-linux-x86_64-debian-gcc
Version: 1.0.1
Check: whether package can be installed
Result: WARN
Found the following significant warnings:
./eicm.h:70:27: warning: a function declaration without a prototype is deprecated in all versions of C [-Wstrict-prototypes]
See ‘/data/gannet/ripley/R/packages/tests-clang/eicm.Rcheck/00install.out’ for details.
* used C compiler: ‘clang version 15.0.7’
Flavor: r-devel-linux-x86_64-fedora-clang
Version: 1.0.1
Check: dependencies in R code
Result: NOTE
Namespace in Imports field not imported from: ‘snow’
All declared Imports should be used.
Flavors: r-devel-linux-x86_64-fedora-clang, r-devel-linux-x86_64-fedora-gcc, r-release-macos-arm64, r-release-macos-x86_64, r-oldrel-macos-arm64, r-oldrel-macos-x86_64
Version: 1.0.1
Check: whether package can be installed
Result: WARN
Found the following significant warnings:
eicm.h:70:19: warning: function declaration isn’t a prototype [-Wstrict-prototypes]
See ‘/data/gannet/ripley/R/packages/tests-devel/eicm.Rcheck/00install.out’ for details.
* used C compiler: ‘gcc (GCC) 12.2.1 20221121 (Red Hat 12.2.1-4)’
Flavor: r-devel-linux-x86_64-fedora-gcc