Last updated on 2025-01-14 10:50:05 CET.
Flavor | Version | Tinstall | Tcheck | Ttotal | Status | Flags |
---|---|---|---|---|---|---|
r-devel-linux-x86_64-debian-clang | 0.1.0 | 6.47 | 133.52 | 139.99 | OK | |
r-devel-linux-x86_64-debian-gcc | 0.1.0 | 4.14 | 90.77 | 94.91 | OK | |
r-devel-linux-x86_64-fedora-clang | 0.1.0 | 251.98 | NOTE | |||
r-devel-linux-x86_64-fedora-gcc | 0.1.0 | 260.43 | NOTE | |||
r-devel-windows-x86_64 | 0.1.0 | 8.00 | 177.00 | 185.00 | OK | |
r-patched-linux-x86_64 | 0.1.0 | 6.94 | 128.86 | 135.80 | OK | |
r-release-linux-x86_64 | 0.1.0 | 5.89 | 127.84 | 133.73 | OK | |
r-release-macos-arm64 | 0.1.0 | 81.00 | OK | |||
r-release-macos-x86_64 | 0.1.0 | 128.00 | OK | |||
r-release-windows-x86_64 | 0.1.0 | 7.00 | 187.00 | 194.00 | OK | |
r-oldrel-macos-arm64 | 0.1.0 | 86.00 | OK | |||
r-oldrel-macos-x86_64 | 0.1.0 | 153.00 | OK | |||
r-oldrel-windows-x86_64 | 0.1.0 | 10.00 | 238.00 | 248.00 | OK |
Version: 0.1.0
Check: dependencies in R code
Result: NOTE
Namespace in Imports field not imported from: ‘pander’
All declared Imports should be used.
Flavors: r-devel-linux-x86_64-fedora-clang, r-devel-linux-x86_64-fedora-gcc