CRAN Package Check Results for Package easycsv

Last updated on 2024-06-19 07:57:41 CEST.

Flavor Version Tinstall Tcheck Ttotal Status Flags
r-devel-linux-x86_64-debian-clang 1.0.8 2.24 30.03 32.27 NOTE
r-devel-linux-x86_64-debian-gcc 1.0.8 2.14 22.72 24.86 NOTE
r-devel-linux-x86_64-fedora-clang 1.0.8 42.38 NOTE
r-devel-linux-x86_64-fedora-gcc 1.0.8 57.06 NOTE
r-devel-windows-x86_64 1.0.8 3.00 43.00 46.00 NOTE
r-patched-linux-x86_64 1.0.8 2.91 28.32 31.23 NOTE
r-release-linux-x86_64 1.0.8 2.61 28.71 31.32 NOTE
r-release-macos-arm64 1.0.8 21.00 NOTE
r-release-macos-x86_64 1.0.8 31.00 NOTE
r-release-windows-x86_64 1.0.8 3.00 46.00 49.00 NOTE
r-oldrel-macos-arm64 1.0.8 26.00 NOTE
r-oldrel-macos-x86_64 1.0.8 41.00 NOTE
r-oldrel-windows-x86_64 1.0.8 3.00 47.00 50.00 NOTE

Check Details

Version: 1.0.8
Check: LazyData
Result: NOTE 'LazyData' is specified without a 'data' directory Flavors: r-devel-linux-x86_64-debian-clang, r-devel-linux-x86_64-debian-gcc, r-devel-linux-x86_64-fedora-clang, r-devel-linux-x86_64-fedora-gcc, r-devel-windows-x86_64, r-patched-linux-x86_64, r-release-linux-x86_64, r-release-macos-arm64, r-release-macos-x86_64, r-release-windows-x86_64, r-oldrel-macos-arm64, r-oldrel-macos-x86_64, r-oldrel-windows-x86_64

Version: 1.0.8
Check: for non-standard things in the check directory
Result: NOTE Found the following files/directories: ‘example_table1.csv’ ‘example_table1.txt’ ‘example_table2.csv’ ‘example_table2.txt’ ‘example_table3.csv’ ‘example_table3.txt’ ‘table1.csv’ ‘table2.csv’ ‘table2.txt’ ‘table3.txt’ ‘table4.txt’ Flavors: r-devel-linux-x86_64-debian-clang, r-devel-linux-x86_64-debian-gcc, r-devel-linux-x86_64-fedora-clang, r-devel-linux-x86_64-fedora-gcc, r-patched-linux-x86_64, r-release-linux-x86_64