CRAN Package Check Results for Package easyNCDF

Last updated on 2024-06-16 19:53:15 CEST.

Flavor Version Tinstall Tcheck Ttotal Status Flags
r-devel-linux-x86_64-debian-clang 0.1.2 3.41 30.83 34.24 NOTE
r-devel-linux-x86_64-debian-gcc 0.1.2 2.80 22.93 25.73 NOTE
r-devel-linux-x86_64-fedora-clang 0.1.2 44.03 NOTE
r-devel-linux-x86_64-fedora-gcc 0.1.2 40.44 NOTE
r-devel-windows-x86_64 0.1.2 4.00 42.00 46.00 NOTE
r-patched-linux-x86_64 0.1.2 4.10 29.84 33.94 NOTE
r-release-linux-x86_64 0.1.2 3.00 29.17 32.17 NOTE
r-release-macos-arm64 0.1.2 17.00 NOTE
r-release-macos-x86_64 0.1.2 29.00 NOTE
r-release-windows-x86_64 0.1.2 4.00 42.00 46.00 NOTE
r-oldrel-macos-arm64 0.1.2 20.00 OK
r-oldrel-macos-x86_64 0.1.2 37.00 OK
r-oldrel-windows-x86_64 0.1.2 5.00 43.00 48.00 OK

Check Details

Version: 0.1.2
Check: Rd files
Result: NOTE checkRd: (-1) ArrayToNc.Rd:30-38: Lost braces in \itemize; meant \describe ? checkRd: (-1) ArrayToNc.Rd:39-50: Lost braces in \itemize; meant \describe ? checkRd: (-1) ArrayToNc.Rd:51-76: Lost braces in \itemize; meant \describe ? Flavors: r-devel-linux-x86_64-debian-clang, r-devel-linux-x86_64-debian-gcc, r-devel-linux-x86_64-fedora-clang, r-devel-linux-x86_64-fedora-gcc, r-devel-windows-x86_64, r-patched-linux-x86_64, r-release-linux-x86_64, r-release-macos-arm64, r-release-macos-x86_64, r-release-windows-x86_64