CRAN Package Check Results for Package earlyR

Last updated on 2024-06-13 07:50:27 CEST.

Flavor Version Tinstall Tcheck Ttotal Status Flags
r-devel-linux-x86_64-debian-clang 0.0.5 5.57 77.25 82.82 NOTE
r-devel-linux-x86_64-debian-gcc 0.0.5 0.38 1.83 2.21 ERROR
r-devel-linux-x86_64-fedora-clang 0.0.5 96.87 NOTE
r-devel-linux-x86_64-fedora-gcc 0.0.5 111.02 NOTE
r-devel-windows-x86_64 0.0.5 6.00 73.00 79.00 NOTE
r-patched-linux-x86_64 0.0.5 4.50 74.57 79.07 NOTE
r-release-linux-x86_64 0.0.5 3.72 74.42 78.14 NOTE
r-release-macos-arm64 0.0.5 38.00 NOTE
r-release-macos-x86_64 0.0.5 56.00 NOTE
r-release-windows-x86_64 0.0.5 7.00 76.00 83.00 NOTE
r-oldrel-macos-arm64 0.0.5 38.00 NOTE
r-oldrel-macos-x86_64 0.0.5 54.00 NOTE
r-oldrel-windows-x86_64 0.0.5 7.00 90.00 97.00 NOTE

Check Details

Version: 0.0.5
Check: Rd files
Result: NOTE checkRd: (-1) plot.earlyR.Rd:34-46: Lost braces 34 | if (require(incidence)) { | ^ Flavors: r-devel-linux-x86_64-debian-clang, r-devel-linux-x86_64-fedora-clang, r-devel-linux-x86_64-fedora-gcc, r-devel-windows-x86_64, r-patched-linux-x86_64, r-release-linux-x86_64, r-release-macos-arm64, r-release-macos-x86_64, r-release-windows-x86_64

Version: 0.0.5
Check: LazyData
Result: NOTE 'LazyData' is specified without a 'data' directory Flavors: r-devel-linux-x86_64-debian-clang, r-devel-linux-x86_64-fedora-clang, r-devel-linux-x86_64-fedora-gcc, r-devel-windows-x86_64, r-patched-linux-x86_64, r-release-linux-x86_64, r-release-macos-arm64, r-release-macos-x86_64, r-release-windows-x86_64, r-oldrel-macos-arm64, r-oldrel-macos-x86_64, r-oldrel-windows-x86_64

Version: 0.0.5
Check: package dependencies
Result: ERROR Packages required but not available: 'EpiEstim', 'epitrix', 'ggplot2' Packages suggested but not available for checking: 'testthat', 'vdiffr', 'roxygen2', 'incidence', 'projections' See section ‘The DESCRIPTION file’ in the ‘Writing R Extensions’ manual. Flavor: r-devel-linux-x86_64-debian-gcc