CRAN Package Check Results for Package drf

Last updated on 2024-06-17 19:51:28 CEST.

Flavor Version Tinstall Tcheck Ttotal Status Flags
r-devel-linux-x86_64-debian-clang 1.1.0 126.88 74.44 201.32 NOTE
r-devel-linux-x86_64-debian-gcc 1.1.0 84.46 56.05 140.51 NOTE
r-devel-linux-x86_64-fedora-clang 1.1.0 311.28 NOTE
r-devel-linux-x86_64-fedora-gcc 1.1.0 296.67 NOTE
r-devel-windows-x86_64 1.1.0 107.00 95.00 202.00 NOTE
r-patched-linux-x86_64 1.1.0 102.02 71.54 173.56 NOTE
r-release-linux-x86_64 1.1.0 102.84 70.40 173.24 NOTE
r-release-macos-arm64 1.1.0 60.00 NOTE
r-release-macos-x86_64 1.1.0 70.00 NOTE
r-release-windows-x86_64 1.1.0 107.00 95.00 202.00 NOTE
r-oldrel-macos-arm64 1.1.0 78.00 NOTE
r-oldrel-macos-x86_64 1.1.0 125.00 NOTE
r-oldrel-windows-x86_64 1.1.0 124.00 115.00 239.00 NOTE

Check Details

Version: 1.1.0
Check: C++ specification
Result: NOTE Specified C++11: please drop specification unless essential Flavors: r-devel-linux-x86_64-debian-clang, r-devel-linux-x86_64-debian-gcc, r-devel-linux-x86_64-fedora-clang, r-devel-linux-x86_64-fedora-gcc, r-devel-windows-x86_64, r-patched-linux-x86_64, r-release-linux-x86_64, r-release-macos-arm64, r-release-macos-x86_64, r-release-windows-x86_64, r-oldrel-macos-arm64, r-oldrel-macos-x86_64, r-oldrel-windows-x86_64

Version: 1.1.0
Check: Rd files
Result: NOTE checkRd: (-1) predict.drf.Rd:30-31: Lost braces in \itemize; meant \describe ? checkRd: (-1) predict.drf.Rd:32-33: Lost braces in \itemize; meant \describe ? checkRd: (-1) predict.drf.Rd:34-35: Lost braces in \itemize; meant \describe ? checkRd: (-1) predict.drf.Rd:36-37: Lost braces in \itemize; meant \describe ? checkRd: (-1) predict.drf.Rd:38-39: Lost braces in \itemize; meant \describe ? checkRd: (-1) predict.drf.Rd:40-41: Lost braces in \itemize; meant \describe ? checkRd: (-1) predict.drf.Rd:42-43: Lost braces in \itemize; meant \describe ? checkRd: (-1) predict.drf.Rd:44: Lost braces in \itemize; meant \describe ? Flavors: r-devel-linux-x86_64-debian-clang, r-devel-linux-x86_64-debian-gcc, r-devel-linux-x86_64-fedora-clang, r-devel-linux-x86_64-fedora-gcc, r-devel-windows-x86_64, r-patched-linux-x86_64, r-release-linux-x86_64, r-release-macos-arm64, r-release-macos-x86_64, r-release-windows-x86_64

Version: 1.1.0
Check: for GNU extensions in Makefiles
Result: NOTE GNU make is a SystemRequirements. Flavors: r-devel-linux-x86_64-debian-clang, r-devel-linux-x86_64-debian-gcc, r-devel-linux-x86_64-fedora-clang, r-devel-linux-x86_64-fedora-gcc, r-devel-windows-x86_64, r-patched-linux-x86_64, r-release-linux-x86_64, r-release-macos-arm64, r-release-macos-x86_64, r-release-windows-x86_64, r-oldrel-macos-arm64, r-oldrel-macos-x86_64, r-oldrel-windows-x86_64

Version: 1.1.0
Check: installed package size
Result: NOTE installed size is 6.2Mb sub-directories of 1Mb or more: libs 6.0Mb Flavors: r-release-macos-arm64, r-release-macos-x86_64, r-oldrel-macos-arm64, r-oldrel-macos-x86_64