CRAN Package Check Results for Package dotprofile

Last updated on 2024-05-30 07:58:50 CEST.

Flavor Version Tinstall Tcheck Ttotal Status Flags
r-devel-linux-x86_64-debian-clang 0.0.1 1.99 31.09 33.08 OK
r-devel-linux-x86_64-debian-gcc 0.0.1 1.50 24.04 25.54 OK
r-devel-linux-x86_64-fedora-clang 0.0.1 41.14 NOTE
r-devel-linux-x86_64-fedora-gcc 0.0.1 38.66 NOTE
r-devel-windows-x86_64 0.0.1 3.00 44.00 47.00 OK
r-patched-linux-x86_64 0.0.1 1.96 29.98 31.94 OK
r-release-linux-x86_64 0.0.1 1.86 29.78 31.64 OK
r-release-macos-arm64 0.0.1 17.00 OK
r-release-windows-x86_64 0.0.1 3.00 43.00 46.00 OK
r-oldrel-macos-arm64 0.0.1 18.00 OK
r-oldrel-macos-x86_64 0.0.1 24.00 OK
r-oldrel-windows-x86_64 0.0.1 3.00 47.00 50.00 OK

Check Details

Version: 0.0.1
Check: dependencies in R code
Result: NOTE Namespace in Imports field not imported from: ‘R6’ All declared Imports should be used. Flavors: r-devel-linux-x86_64-fedora-clang, r-devel-linux-x86_64-fedora-gcc