CRAN Package Check Results for Package docknitr

Last updated on 2024-06-19 07:57:40 CEST.

Flavor Version Tinstall Tcheck Ttotal Status Flags
r-devel-linux-x86_64-debian-clang 1.0.1 1.59 28.61 30.20 NOTE
r-devel-linux-x86_64-debian-gcc 1.0.1 1.40 22.88 24.28 NOTE
r-devel-linux-x86_64-fedora-clang 1.0.1 41.68 NOTE
r-devel-linux-x86_64-fedora-gcc 1.0.1 54.71 NOTE
r-devel-windows-x86_64 1.0.1 3.00 45.00 48.00 NOTE
r-patched-linux-x86_64 1.0.1 2.03 28.69 30.72 NOTE
r-release-linux-x86_64 1.0.1 1.93 28.89 30.82 NOTE
r-release-macos-arm64 1.0.1 21.00 NOTE
r-release-macos-x86_64 1.0.1 38.00 NOTE
r-release-windows-x86_64 1.0.1 3.00 48.00 51.00 NOTE
r-oldrel-macos-arm64 1.0.1 26.00 NOTE
r-oldrel-macos-x86_64 1.0.1 33.00 NOTE
r-oldrel-windows-x86_64 1.0.1 3.00 47.00 50.00 NOTE

Check Details

Version: 1.0.1
Check: LazyData
Result: NOTE 'LazyData' is specified without a 'data' directory Flavors: r-devel-linux-x86_64-debian-clang, r-devel-linux-x86_64-debian-gcc, r-devel-linux-x86_64-fedora-clang, r-devel-linux-x86_64-fedora-gcc, r-devel-windows-x86_64, r-patched-linux-x86_64, r-release-linux-x86_64, r-release-macos-arm64, r-release-macos-x86_64, r-release-windows-x86_64, r-oldrel-macos-arm64, r-oldrel-macos-x86_64, r-oldrel-windows-x86_64