CRAN Package Check Results for Package doMPI

Last updated on 2024-04-24 07:57:38 CEST.

Flavor Version Tinstall Tcheck Ttotal Status Flags
r-devel-linux-x86_64-debian-clang 0.2.2 4.05 38.72 42.77 OK
r-devel-linux-x86_64-debian-gcc 0.2.2 3.29 30.24 33.53 OK
r-devel-linux-x86_64-fedora-clang 0.2.2 61.96 OK
r-devel-linux-x86_64-fedora-gcc 0.2.2 72.33 OK
r-prerel-macos-arm64 0.2.2 5.00 ERROR
r-prerel-macos-x86_64 0.2.2 7.00 ERROR
r-prerel-windows-x86_64 0.2.2 4.00 58.00 62.00 OK
r-patched-linux-x86_64 0.2.2 4.40 36.77 41.17 OK
r-release-linux-x86_64 0.2.2 3.24 36.03 39.27 OK
r-release-macos-arm64 0.2.2 9.00 ERROR
r-release-macos-x86_64 0.2.2 7.00 ERROR
r-release-windows-x86_64 0.2.2 5.00 56.00 61.00 OK
r-oldrel-macos-arm64 0.2.2 10.00 ERROR
r-oldrel-windows-x86_64 0.2.2 5.00 61.00 66.00 OK

Check Details

Version: 0.2.2
Check: package dependencies
Result: ERROR Package required but not available: ‘Rmpi’ See section ‘The DESCRIPTION file’ in the ‘Writing R Extensions’ manual. Flavors: r-prerel-macos-arm64, r-prerel-macos-x86_64, r-release-macos-arm64, r-release-macos-x86_64, r-oldrel-macos-arm64