CRAN Package Check Results for Package dnr

Last updated on 2024-06-22 04:48:58 CEST.

Flavor Version Tinstall Tcheck Ttotal Status Flags
r-devel-linux-x86_64-debian-clang 0.3.5 14.33 214.19 228.52 NOTE
r-devel-linux-x86_64-debian-gcc 0.3.5 12.22 154.05 166.27 NOTE
r-devel-linux-x86_64-fedora-clang 0.3.5 284.20 NOTE
r-devel-linux-x86_64-fedora-gcc 0.3.5 299.75 NOTE
r-devel-windows-x86_64 0.3.5 14.00 174.00 188.00 NOTE
r-patched-linux-x86_64 0.3.5 14.73 195.08 209.81 NOTE
r-release-linux-x86_64 0.3.5 13.52 203.42 216.94 NOTE
r-release-macos-arm64 0.3.5 91.00 NOTE
r-release-macos-x86_64 0.3.5 127.00 WARN
r-release-windows-x86_64 0.3.5 14.00 171.00 185.00 NOTE
r-oldrel-macos-arm64 0.3.5 109.00 NOTE
r-oldrel-macos-x86_64 0.3.5 165.00 NOTE
r-oldrel-windows-x86_64 0.3.5 19.00 216.00 235.00 NOTE

Check Details

Version: 0.3.5
Check: package subdirectories
Result: NOTE Problems with news in ‘NEWS.md’: No news entries found. Flavors: r-devel-linux-x86_64-debian-clang, r-devel-linux-x86_64-debian-gcc, r-devel-linux-x86_64-fedora-clang, r-devel-linux-x86_64-fedora-gcc, r-devel-windows-x86_64, r-patched-linux-x86_64, r-release-linux-x86_64, r-release-macos-arm64, r-release-macos-x86_64, r-release-windows-x86_64, r-oldrel-macos-arm64, r-oldrel-macos-x86_64, r-oldrel-windows-x86_64

Version: 0.3.5
Check: Rd files
Result: NOTE checkRd: (-1) dnr.Rd:12: Escaped LaTeX specials: \# Flavors: r-devel-linux-x86_64-debian-clang, r-devel-linux-x86_64-debian-gcc, r-devel-linux-x86_64-fedora-clang, r-devel-linux-x86_64-fedora-gcc, r-devel-windows-x86_64, r-patched-linux-x86_64, r-release-linux-x86_64, r-release-macos-arm64, r-release-macos-x86_64, r-release-windows-x86_64, r-oldrel-macos-arm64, r-oldrel-macos-x86_64, r-oldrel-windows-x86_64

Version: 0.3.5
Check: re-building of vignette outputs
Result: WARN Error(s) in re-building vignettes: --- re-building ‘dnr_vignette.Rnw’ using knitr Warning: 'mode(width)' differs between new and previous ==> NOT changing 'width' Warning: 'mode(width)' differs between new and previous ==> NOT changing 'width' Warning: 'mode(width)' differs between new and previous ==> NOT changing 'width' Warning: 'mode(width)' differs between new and previous ==> NOT changing 'width' Warning: 'mode(width)' differs between new and previous ==> NOT changing 'width' Warning: 'mode(width)' differs between new and previous ==> NOT changing 'width' Warning: 'mode(width)' differs between new and previous ==> NOT changing 'width' Warning: 'mode(width)' differs between new and previous ==> NOT changing 'width' Warning: 'mode(width)' differs between new and previous ==> NOT changing 'width' Warning: 'mode(width)' differs between new and previous ==> NOT changing 'width' Warning: 'mode(width)' differs between new and previous ==> NOT changing 'width' Warning: 'mode(width)' differs between new and previous ==> NOT changing 'width' Warning: 'mode(width)' differs between new and previous ==> NOT changing 'width' Warning: 'mode(width)' differs between new and previous ==> NOT changing 'width' Warning: 'mode(width)' differs between new and previous ==> NOT changing 'width' Warning: 'mode(width)' differs between new and previous ==> NOT changing 'width' Warning: 'mode(width)' differs between new and previous ==> NOT changing 'width' Warning: 'mode(width)' differs between new and previous ==> NOT changing 'width' Error: processing vignette 'dnr_vignette.Rnw' failed with diagnostics: Running 'texi2dvi' on 'dnr_vignette.tex' failed. LaTeX errors: ! Undefined control sequence. l.86 \hlkwd{suppressMessages}\hldef {(}\hlkwd{library}\hldef{(dnr))} ? ! Emergency stop. ! Emergency stop. l.86 End of file on the terminal! ! ==> Fatal error occurred, no output PDF file produced! --- failed re-building ‘dnr_vignette.Rnw’ SUMMARY: processing the following file failed: ‘dnr_vignette.Rnw’ Error: Vignette re-building failed. Execution halted Flavor: r-release-macos-x86_64