CRAN Package Check Results for Package dmtools

Last updated on 2024-07-23 20:49:06 CEST.

Flavor Version Tinstall Tcheck Ttotal Status Flags
r-devel-linux-x86_64-debian-clang 0.2.6 4.39 62.36 66.75 NOTE
r-devel-linux-x86_64-debian-gcc 0.2.6 3.15 46.76 49.91 NOTE
r-devel-linux-x86_64-fedora-clang 0.2.6 83.95 NOTE
r-devel-linux-x86_64-fedora-gcc 0.2.6 95.29 NOTE
r-devel-windows-x86_64 0.2.6 6.00 71.00 77.00 NOTE
r-patched-linux-x86_64 0.2.6 4.59 58.32 62.91 NOTE
r-release-linux-x86_64 0.2.6 3.01 57.87 60.88 NOTE
r-release-macos-arm64 0.2.6 38.00 NOTE
r-release-macos-x86_64 0.2.6 70.00 NOTE
r-release-windows-x86_64 0.2.6 5.00 70.00 75.00 NOTE
r-oldrel-macos-arm64 0.2.6 40.00 NOTE
r-oldrel-macos-x86_64 0.2.6 55.00 NOTE
r-oldrel-windows-x86_64 0.2.6 6.00 77.00 83.00 NOTE

Check Details

Version: 0.2.6
Check: LazyData
Result: NOTE 'LazyData' is specified without a 'data' directory Flavors: r-devel-linux-x86_64-debian-clang, r-devel-linux-x86_64-debian-gcc, r-devel-linux-x86_64-fedora-clang, r-devel-linux-x86_64-fedora-gcc, r-devel-windows-x86_64, r-patched-linux-x86_64, r-release-linux-x86_64, r-release-macos-arm64, r-release-macos-x86_64, r-release-windows-x86_64, r-oldrel-macos-arm64, r-oldrel-macos-x86_64, r-oldrel-windows-x86_64