CRAN Package Check Results for Package discretefit

Last updated on 2024-06-15 19:54:57 CEST.

Flavor Version Tinstall Tcheck Ttotal Status Flags
r-devel-linux-x86_64-debian-clang 0.1.2 36.30 47.09 83.39 NOTE
r-devel-linux-x86_64-debian-gcc 0.1.2 21.73 36.26 57.99 NOTE
r-devel-linux-x86_64-fedora-clang 0.1.2 122.07 NOTE
r-devel-linux-x86_64-fedora-gcc 0.1.2 124.68 NOTE
r-devel-windows-x86_64 0.1.2 29.00 72.00 101.00 NOTE
r-patched-linux-x86_64 0.1.2 27.35 45.99 73.34 NOTE
r-release-linux-x86_64 0.1.2 28.74 46.61 75.35 NOTE
r-release-macos-arm64 0.1.2 35.00 NOTE
r-release-macos-x86_64 0.1.2 49.00 NOTE
r-release-windows-x86_64 0.1.2 27.00 79.00 106.00 NOTE
r-oldrel-macos-arm64 0.1.2 39.00 NOTE
r-oldrel-macos-x86_64 0.1.2 62.00 NOTE
r-oldrel-windows-x86_64 0.1.2 28.00 90.00 118.00 NOTE

Check Details

Version: 0.1.2
Check: C++ specification
Result: NOTE Specified C++11: please drop specification unless essential Flavors: r-devel-linux-x86_64-debian-clang, r-devel-linux-x86_64-debian-gcc, r-devel-linux-x86_64-fedora-clang, r-devel-linux-x86_64-fedora-gcc, r-devel-windows-x86_64, r-patched-linux-x86_64, r-release-linux-x86_64, r-release-macos-arm64, r-release-macos-x86_64, r-release-windows-x86_64, r-oldrel-macos-arm64, r-oldrel-macos-x86_64, r-oldrel-windows-x86_64