CRAN Package Check Results for Package datacleanr

Last updated on 2025-01-24 21:48:22 CET.

Flavor Version Tinstall Tcheck Ttotal Status Flags
r-devel-linux-x86_64-debian-clang 1.0.3 5.29 39.87 45.16 NOTE
r-devel-linux-x86_64-debian-gcc 1.0.3 3.60 29.36 32.96 NOTE
r-devel-linux-x86_64-fedora-clang 1.0.3 72.35 NOTE
r-devel-linux-x86_64-fedora-gcc 1.0.3 66.84 NOTE
r-devel-windows-x86_64 1.0.3 7.00 70.00 77.00 NOTE
r-patched-linux-x86_64 1.0.3 11.34 37.86 49.20 OK
r-release-linux-x86_64 1.0.3 4.46 37.46 41.92 OK
r-release-macos-arm64 1.0.3 25.00 OK
r-release-macos-x86_64 1.0.3 35.00 OK
r-release-windows-x86_64 1.0.3 7.00 62.00 69.00 OK
r-oldrel-macos-arm64 1.0.3 24.00 OK
r-oldrel-macos-x86_64 1.0.3 41.00 OK
r-oldrel-windows-x86_64 1.0.3 9.00 71.00 80.00 OK

Check Details

Version: 1.0.3
Check: Rd cross-references
Result: NOTE Found the following Rd file(s) with Rd \link{} targets missing package anchors: dcr_app.Rd: plotly Please provide package anchors for all Rd \link{} targets not in the package itself and the base packages. Flavors: r-devel-linux-x86_64-debian-clang, r-devel-linux-x86_64-debian-gcc, r-devel-windows-x86_64

Version: 1.0.3
Check: dependencies in R code
Result: NOTE Namespace in Imports field not imported from: ‘htmltools’ All declared Imports should be used. Flavors: r-devel-linux-x86_64-fedora-clang, r-devel-linux-x86_64-fedora-gcc