CRAN Package Check Results for Package cycleRtools

Last updated on 2024-06-24 07:53:30 CEST.

Flavor Version Tinstall Tcheck Ttotal Status Flags
r-devel-linux-x86_64-debian-clang 1.1.1 69.35 70.92 140.27 OK
r-devel-linux-x86_64-debian-gcc 1.1.1 43.34 53.54 96.88 OK
r-devel-linux-x86_64-fedora-clang 1.1.1 205.03 NOTE
r-devel-linux-x86_64-fedora-gcc 1.1.1 212.25 NOTE
r-devel-windows-x86_64 1.1.1 50.00 86.00 136.00 OK
r-patched-linux-x86_64 1.1.1 51.64 66.83 118.47 OK
r-release-linux-x86_64 1.1.1 54.79 67.84 122.63 OK
r-release-macos-arm64 1.1.1 47.00 OK
r-release-macos-x86_64 1.1.1 72.00 OK
r-release-windows-x86_64 1.1.1 56.00 86.00 142.00 OK
r-oldrel-macos-arm64 1.1.1 56.00 OK
r-oldrel-macos-x86_64 1.1.1 90.00 OK
r-oldrel-windows-x86_64 1.1.1 66.00 101.00 167.00 OK

Check Details

Version: 1.1.1
Check: compiled code
Result: NOTE File ‘cycleRtools/libs/cycleRtools.so’: Found no calls to: ‘R_registerRoutines’, ‘R_useDynamicSymbols’ It is good practice to register native routines and to disable symbol search. See ‘Writing portable packages’ in the ‘Writing R Extensions’ manual. Flavors: r-devel-linux-x86_64-fedora-clang, r-devel-linux-x86_64-fedora-gcc