CRAN Package Check Results for Package cropdatape

Last updated on 2023-01-26 18:49:18 CET.

Flavor Version Tinstall Tcheck Ttotal Status Flags
r-devel-linux-x86_64-debian-clang 1.0.0 1.94 21.27 23.21 OK
r-devel-linux-x86_64-debian-gcc 1.0.0 1.49 16.78 18.27 OK
r-devel-linux-x86_64-fedora-clang 1.0.0 30.09 NOTE
r-devel-linux-x86_64-fedora-gcc 1.0.0 28.88 NOTE
r-devel-windows-x86_64 1.0.0 10.00 44.00 54.00 OK
r-patched-linux-x86_64 1.0.0 1.86 22.13 23.99 OK
r-release-linux-x86_64 1.0.0 1.81 22.07 23.88 OK
r-release-macos-arm64 1.0.0 16.00 NOTE
r-release-macos-x86_64 1.0.0 20.00 NOTE
r-release-windows-x86_64 1.0.0 5.00 43.00 48.00 OK
r-oldrel-macos-arm64 1.0.0 25.00 NOTE
r-oldrel-macos-x86_64 1.0.0 30.00 NOTE
r-oldrel-windows-ix86+x86_64 1.0.0 4.00 25.00 29.00 OK

Check Details

Version: 1.0.0
Check: data for non-ASCII characters
Result: NOTE
     Note: found 3 marked UTF-8 strings
Flavors: r-devel-linux-x86_64-fedora-clang, r-devel-linux-x86_64-fedora-gcc, r-release-macos-arm64, r-release-macos-x86_64, r-oldrel-macos-arm64, r-oldrel-macos-x86_64