CRAN Package Check Results for Package correlbinom

Last updated on 2024-07-24 20:52:18 CEST.

Flavor Version Tinstall Tcheck Ttotal Status Flags
r-devel-linux-x86_64-debian-clang 0.0.1 5.07 45.49 50.56 NOTE
r-devel-linux-x86_64-debian-gcc 0.0.1 3.24 32.67 35.91 NOTE
r-devel-linux-x86_64-fedora-clang 0.0.1 60.07 NOTE
r-devel-linux-x86_64-fedora-gcc 0.0.1 56.31 NOTE
r-devel-windows-x86_64 0.0.1 4.00 55.00 59.00 NOTE
r-patched-linux-x86_64 0.0.1 3.53 42.79 46.32 NOTE
r-release-linux-x86_64 0.0.1 3.96 42.18 46.14 NOTE
r-release-macos-arm64 0.0.1 21.00 NOTE
r-release-macos-x86_64 0.0.1 32.00 NOTE
r-release-windows-x86_64 0.0.1 4.00 55.00 59.00 NOTE
r-oldrel-macos-arm64 0.0.1 22.00 NOTE
r-oldrel-macos-x86_64 0.0.1 33.00 NOTE
r-oldrel-windows-x86_64 0.0.1 5.00 58.00 63.00 NOTE

Check Details

Version: 0.0.1
Check: LazyData
Result: NOTE 'LazyData' is specified without a 'data' directory Flavors: r-devel-linux-x86_64-debian-clang, r-devel-linux-x86_64-debian-gcc, r-devel-linux-x86_64-fedora-clang, r-devel-linux-x86_64-fedora-gcc, r-devel-windows-x86_64, r-patched-linux-x86_64, r-release-linux-x86_64, r-release-macos-arm64, r-release-macos-x86_64, r-release-windows-x86_64, r-oldrel-macos-arm64, r-oldrel-macos-x86_64, r-oldrel-windows-x86_64