CRAN Package Check Results for Package confSAM

Last updated on 2024-05-24 19:56:28 CEST.

Flavor Version Tinstall Tcheck Ttotal Status Flags
r-devel-linux-x86_64-debian-clang 0.2 2.15 26.83 28.98 NOTE
r-devel-linux-x86_64-debian-gcc 0.2 1.87 20.75 22.62 NOTE
r-devel-linux-x86_64-fedora-clang 0.2 38.87 NOTE
r-devel-linux-x86_64-fedora-gcc 0.2 119.23 NOTE
r-devel-windows-x86_64 0.2 2.00 41.00 43.00 NOTE
r-patched-linux-x86_64 0.2 1.96 26.24 28.20 NOTE
r-release-linux-x86_64 0.2 1.82 25.47 27.29 NOTE
r-release-macos-arm64 0.2 37.00 NOTE
r-release-windows-x86_64 0.2 3.00 42.00 45.00 NOTE
r-oldrel-macos-arm64 0.2 39.00 NOTE
r-oldrel-macos-x86_64 0.2 69.00 NOTE
r-oldrel-windows-x86_64 0.2 2.00 43.00 45.00 NOTE

Check Details

Version: 0.2
Check: LazyData
Result: NOTE 'LazyData' is specified without a 'data' directory Flavors: r-devel-linux-x86_64-debian-clang, r-devel-linux-x86_64-debian-gcc, r-devel-linux-x86_64-fedora-clang, r-devel-linux-x86_64-fedora-gcc, r-devel-windows-x86_64, r-patched-linux-x86_64, r-release-linux-x86_64, r-release-macos-arm64, r-release-windows-x86_64, r-oldrel-macos-arm64, r-oldrel-macos-x86_64, r-oldrel-windows-x86_64