CRAN Package Check Results for Package cofeatureR

Last updated on 2024-05-24 19:56:28 CEST.

Flavor Version Tinstall Tcheck Ttotal Status Flags
r-devel-linux-x86_64-debian-clang 1.1.1 1.87 26.75 28.62 NOTE
r-devel-linux-x86_64-debian-gcc 1.1.1 1.77 20.78 22.55 NOTE
r-devel-linux-x86_64-fedora-clang 1.1.1 38.57 NOTE
r-devel-linux-x86_64-fedora-gcc 1.1.1 35.10 NOTE
r-devel-windows-x86_64 1.1.1 3.00 43.00 46.00 NOTE
r-patched-linux-x86_64 1.1.1 1.46 26.12 27.58 NOTE
r-release-linux-x86_64 1.1.1 1.93 25.63 27.56 NOTE
r-release-macos-arm64 1.1.1 16.00 NOTE
r-release-windows-x86_64 1.1.1 4.00 44.00 48.00 NOTE
r-oldrel-macos-arm64 1.1.1 18.00 NOTE
r-oldrel-macos-x86_64 1.1.1 23.00 NOTE
r-oldrel-windows-x86_64 1.1.1 4.00 45.00 49.00 NOTE

Check Details

Version: 1.1.1
Check: LazyData
Result: NOTE 'LazyData' is specified without a 'data' directory Flavors: r-devel-linux-x86_64-debian-clang, r-devel-linux-x86_64-debian-gcc, r-devel-linux-x86_64-fedora-clang, r-devel-linux-x86_64-fedora-gcc, r-devel-windows-x86_64, r-patched-linux-x86_64, r-release-linux-x86_64, r-release-macos-arm64, r-release-windows-x86_64, r-oldrel-macos-arm64, r-oldrel-macos-x86_64, r-oldrel-windows-x86_64

Version: 1.1.1
Check: dependencies in R code
Result: NOTE Namespace in Imports field not imported from: ‘tibble’ All declared Imports should be used. Flavors: r-devel-linux-x86_64-fedora-clang, r-devel-linux-x86_64-fedora-gcc