CRAN Package Check Results for Package codyn

Last updated on 2024-06-15 19:54:56 CEST.

Flavor Version Tinstall Tcheck Ttotal Status Flags
r-devel-linux-x86_64-debian-clang 2.0.5 8.63 194.72 203.35 NOTE
r-devel-linux-x86_64-debian-gcc 2.0.5 7.25 138.28 145.53 NOTE
r-devel-linux-x86_64-fedora-clang 2.0.5 248.51 NOTE
r-devel-linux-x86_64-fedora-gcc 2.0.5 249.93 NOTE
r-devel-windows-x86_64 2.0.5 9.00 146.00 155.00 NOTE
r-patched-linux-x86_64 2.0.5 11.35 187.22 198.57 NOTE
r-release-linux-x86_64 2.0.5 8.88 182.17 191.05 NOTE
r-release-macos-arm64 2.0.5 74.00 NOTE
r-release-macos-x86_64 2.0.5 119.00 NOTE
r-release-windows-x86_64 2.0.5 8.00 147.00 155.00 NOTE
r-oldrel-macos-arm64 2.0.5 80.00 OK
r-oldrel-macos-x86_64 2.0.5 133.00 OK
r-oldrel-windows-x86_64 2.0.5 11.00 187.00 198.00 OK

Check Details

Version: 2.0.5
Check: Rd files
Result: NOTE checkRd: (-1) RAC_change.Rd:39-40: Lost braces in \itemize; \value handles \item{}{} directly checkRd: (-1) RAC_change.Rd:41-42: Lost braces in \itemize; \value handles \item{}{} directly checkRd: (-1) RAC_change.Rd:43-47: Lost braces in \itemize; \value handles \item{}{} directly checkRd: (-1) RAC_change.Rd:48-51: Lost braces in \itemize; \value handles \item{}{} directly checkRd: (-1) RAC_change.Rd:52-56: Lost braces in \itemize; \value handles \item{}{} directly checkRd: (-1) RAC_change.Rd:57-60: Lost braces in \itemize; \value handles \item{}{} directly checkRd: (-1) RAC_change.Rd:61-64: Lost braces in \itemize; \value handles \item{}{} directly checkRd: (-1) RAC_difference.Rd:50-51: Lost braces in \itemize; \value handles \item{}{} directly checkRd: (-1) RAC_difference.Rd:52-53: Lost braces in \itemize; \value handles \item{}{} directly checkRd: (-1) RAC_difference.Rd:54-57: Lost braces in \itemize; \value handles \item{}{} directly checkRd: (-1) RAC_difference.Rd:58-61: Lost braces in \itemize; \value handles \item{}{} directly checkRd: (-1) RAC_difference.Rd:62-65: Lost braces in \itemize; \value handles \item{}{} directly checkRd: (-1) RAC_difference.Rd:66-69: Lost braces in \itemize; \value handles \item{}{} directly checkRd: (-1) RAC_difference.Rd:70-74: Lost braces in \itemize; \value handles \item{}{} directly checkRd: (-1) RAC_difference.Rd:75-78: Lost braces in \itemize; \value handles \item{}{} directly checkRd: (-1) RAC_difference.Rd:79-84: Lost braces in \itemize; \value handles \item{}{} directly checkRd: (-1) RAC_difference.Rd:85-88: Lost braces in \itemize; \value handles \item{}{} directly checkRd: (-1) abundance_change.Rd:39-40: Lost braces in \itemize; \value handles \item{}{} directly checkRd: (-1) abundance_change.Rd:41-42: Lost braces in \itemize; \value handles \item{}{} directly checkRd: (-1) abundance_change.Rd:43: Lost braces in \itemize; \value handles \item{}{} directly checkRd: (-1) abundance_change.Rd:44-46: Lost braces in \itemize; \value handles \item{}{} directly checkRd: (-1) abundance_difference.Rd:50-51: Lost braces in \itemize; \value handles \item{}{} directly checkRd: (-1) abundance_difference.Rd:52-56: Lost braces in \itemize; \value handles \item{}{} directly checkRd: (-1) abundance_difference.Rd:57-60: Lost braces in \itemize; \value handles \item{}{} directly checkRd: (-1) abundance_difference.Rd:61-64: Lost braces in \itemize; \value handles \item{}{} directly checkRd: (-1) abundance_difference.Rd:65-66: Lost braces in \itemize; \value handles \item{}{} directly checkRd: (-1) abundance_difference.Rd:67-70: Lost braces in \itemize; \value handles \item{}{} directly checkRd: (-1) abundance_difference.Rd:71-74: Lost braces in \itemize; \value handles \item{}{} directly checkRd: (-1) abundance_difference.Rd:75-76: Lost braces in \itemize; \value handles \item{}{} directly checkRd: (-1) codyn-package.Rd:22: Lost braces in \itemize; meant \describe ? checkRd: (-1) codyn-package.Rd:23: Lost braces in \itemize; meant \describe ? checkRd: (-1) codyn-package.Rd:24: Lost braces in \itemize; meant \describe ? checkRd: (-1) codyn-package.Rd:25: Lost braces in \itemize; meant \describe ? checkRd: (-1) codyn-package.Rd:26: Lost braces in \itemize; meant \describe ? checkRd: (-1) codyn-package.Rd:27: Lost braces in \itemize; meant \describe ? checkRd: (-1) codyn-package.Rd:28: Lost braces in \itemize; meant \describe ? checkRd: (-1) codyn-package.Rd:29: Lost braces in \itemize; meant \describe ? checkRd: (-1) codyn-package.Rd:30: Lost braces in \itemize; meant \describe ? checkRd: (-1) codyn-package.Rd:31: Lost braces in \itemize; meant \describe ? checkRd: (-1) codyn-package.Rd:32: Lost braces in \itemize; meant \describe ? checkRd: (-1) codyn-package.Rd:33: Lost braces in \itemize; meant \describe ? checkRd: (-1) codyn-package.Rd:34: Lost braces in \itemize; meant \describe ? checkRd: (-1) codyn-package.Rd:35: Lost braces in \itemize; meant \describe ? checkRd: (-1) codyn-package.Rd:36: Lost braces in \itemize; meant \describe ? checkRd: (-1) codyn-package.Rd:37: Lost braces in \itemize; meant \describe ? checkRd: (-1) codyn-package.Rd:38: Lost braces in \itemize; meant \describe ? checkRd: (-1) codyn-package.Rd:39: Lost braces in \itemize; meant \describe ? checkRd: (-1) community_diversity.Rd:29: Lost braces in \itemize; meant \describe ? checkRd: (-1) community_diversity.Rd:30: Lost braces in \itemize; meant \describe ? checkRd: (-1) community_diversity.Rd:37-38: Lost braces in \itemize; \value handles \item{}{} directly checkRd: (-1) community_diversity.Rd:39-40: Lost braces in \itemize; \value handles \item{}{} directly checkRd: (-1) community_diversity.Rd:41-42: Lost braces in \itemize; \value handles \item{}{} directly checkRd: (-1) community_diversity.Rd:43-44: Lost braces in \itemize; \value handles \item{}{} directly checkRd: (-1) community_stability.Rd:25: Lost braces in \itemize; \value handles \item{}{} directly checkRd: (-1) community_stability.Rd:26-27: Lost braces in \itemize; \value handles \item{}{} directly checkRd: (-1) community_structure.Rd:29-30: Lost braces in \itemize; meant \describe ? checkRd: (-1) community_structure.Rd:31: Lost braces in \itemize; meant \describe ? checkRd: (-1) community_structure.Rd:32: Lost braces in \itemize; meant \describe ? checkRd: (-1) community_structure.Rd:39-40: Lost braces in \itemize; \value handles \item{}{} directly checkRd: (-1) community_structure.Rd:41-42: Lost braces in \itemize; \value handles \item{}{} directly checkRd: (-1) community_structure.Rd:43: Lost braces in \itemize; \value handles \item{}{} directly checkRd: (-1) community_structure.Rd:44: Lost braces in \itemize; \value handles \item{}{} directly checkRd: (-1) community_structure.Rd:45: Lost braces in \itemize; \value handles \item{}{} directly checkRd: (-1) community_structure.Rd:46-47: Lost braces in \itemize; \value handles \item{}{} directly checkRd: (-1) confint.cyclic_shift.Rd:21: Lost braces in \itemize; \value handles \item{}{} directly checkRd: (-1) confint.cyclic_shift.Rd:22: Lost braces in \itemize; \value handles \item{}{} directly checkRd: (-1) confint.cyclic_shift.Rd:23: Lost braces in \itemize; \value handles \item{}{} directly checkRd: (-1) curve_change.Rd:39-40: Lost braces in \itemize; \value handles \item{}{} directly checkRd: (-1) curve_change.Rd:41-42: Lost braces in \itemize; \value handles \item{}{} directly checkRd: (-1) curve_change.Rd:43-44: Lost braces in \itemize; \value handles \item{}{} directly checkRd: (-1) curve_difference.Rd:49: Lost braces in \itemize; \value handles \item{}{} directly checkRd: (-1) curve_difference.Rd:50: Lost braces in \itemize; \value handles \item{}{} directly checkRd: (-1) curve_difference.Rd:51: Lost braces in \itemize; \value handles \item{}{} directly checkRd: (-1) curve_difference.Rd:52: Lost braces in \itemize; \value handles \item{}{} directly checkRd: (-1) curve_difference.Rd:53: Lost braces in \itemize; \value handles \item{}{} directly checkRd: (-1) curve_difference.Rd:54: Lost braces in \itemize; \value handles \item{}{} directly checkRd: (-1) curve_difference.Rd:55: Lost braces in \itemize; \value handles \item{}{} directly checkRd: (-1) mean_rank_shift.Rd:29: Lost braces in \itemize; \value handles \item{}{} directly checkRd: (-1) mean_rank_shift.Rd:30: Lost braces in \itemize; \value handles \item{}{} directly checkRd: (-1) mean_rank_shift.Rd:31: Lost braces in \itemize; \value handles \item{}{} directly checkRd: (-1) multivariate_change.Rd:43-45: Lost braces in \itemize; \value handles \item{}{} directly checkRd: (-1) multivariate_change.Rd:46-48: Lost braces in \itemize; \value handles \item{}{} directly checkRd: (-1) multivariate_change.Rd:49-54: Lost braces in \itemize; \value handles \item{}{} directly checkRd: (-1) multivariate_change.Rd:55-56: Lost braces in \itemize; \value handles \item{}{} directly checkRd: (-1) multivariate_difference.Rd:44-45: Lost braces in \itemize; \value handles \item{}{} directly checkRd: (-1) multivariate_difference.Rd:46-47: Lost braces in \itemize; \value handles \item{}{} directly checkRd: (-1) multivariate_difference.Rd:48-49: Lost braces in \itemize; \value handles \item{}{} directly checkRd: (-1) multivariate_difference.Rd:50-52: Lost braces in \itemize; \value handles \item{}{} directly checkRd: (-1) multivariate_difference.Rd:53-54: Lost braces in \itemize; \value handles \item{}{} directly checkRd: (-1) multivariate_difference.Rd:55-56: Lost braces in \itemize; \value handles \item{}{} directly checkRd: (-1) rank_shift.Rd:29: Lost braces in \itemize; \value handles \item{}{} directly checkRd: (-1) rank_shift.Rd:30: Lost braces in \itemize; \value handles \item{}{} directly checkRd: (-1) rank_shift.Rd:31: Lost braces in \itemize; \value handles \item{}{} directly checkRd: (-1) rate_change.Rd:24: Lost braces in \itemize; \value handles \item{}{} directly checkRd: (-1) rate_change.Rd:25: Lost braces in \itemize; \value handles \item{}{} directly checkRd: (-1) rate_change_interval.Rd:29: Lost braces in \itemize; \value handles \item{}{} directly checkRd: (-1) rate_change_interval.Rd:30: Lost braces in \itemize; \value handles \item{}{} directly checkRd: (-1) rate_change_interval.Rd:31: Lost braces in \itemize; \value handles \item{}{} directly checkRd: (-1) synchrony.Rd:27: Lost braces in \itemize; meant \describe ? checkRd: (-1) synchrony.Rd:28: Lost braces in \itemize; meant \describe ? checkRd: (-1) synchrony.Rd:37: Lost braces in \itemize; \value handles \item{}{} directly checkRd: (-1) synchrony.Rd:38: Lost braces in \itemize; \value handles \item{}{} directly checkRd: (-1) turnover.Rd:29: Lost braces in \itemize; meant \describe ? checkRd: (-1) turnover.Rd:30: Lost braces in \itemize; meant \describe ? checkRd: (-1) turnover.Rd:31: Lost braces in \itemize; meant \describe ? checkRd: (-1) turnover.Rd:37: Lost braces in \itemize; \value handles \item{}{} directly checkRd: (-1) turnover.Rd:38: Lost braces in \itemize; \value handles \item{}{} directly checkRd: (-1) turnover.Rd:39: Lost braces in \itemize; \value handles \item{}{} directly checkRd: (-1) variance_ratio.Rd:45: Lost braces in \itemize; \value handles \item{}{} directly checkRd: (-1) variance_ratio.Rd:46: Lost braces in \itemize; \value handles \item{}{} directly checkRd: (-1) variance_ratio.Rd:47: Lost braces in \itemize; \value handles \item{}{} directly checkRd: (-1) variance_ratio.Rd:48: Lost braces in \itemize; \value handles \item{}{} directly checkRd: (-1) variance_ratio.Rd:49: Lost braces in \itemize; \value handles \item{}{} directly Flavors: r-devel-linux-x86_64-debian-clang, r-devel-linux-x86_64-debian-gcc, r-devel-linux-x86_64-fedora-clang, r-devel-linux-x86_64-fedora-gcc, r-devel-windows-x86_64, r-patched-linux-x86_64, r-release-linux-x86_64, r-release-macos-arm64, r-release-macos-x86_64, r-release-windows-x86_64