CRAN Package Check Results for Package cccp

Last updated on 2024-07-18 08:51:05 CEST.

Flavor Version Tinstall Tcheck Ttotal Status Flags
r-devel-linux-x86_64-debian-clang 0.3-1 250.09 66.11 316.20 OK
r-devel-linux-x86_64-debian-gcc 0.3-1 178.68 47.76 226.44 OK
r-devel-linux-x86_64-fedora-clang 0.3-1 437.15 OK
r-devel-linux-x86_64-fedora-gcc 0.3-1 498.65 OK
r-devel-windows-x86_64 0.3-1 189.00 91.00 280.00 NOTE
r-patched-linux-x86_64 0.3-1 209.95 62.67 272.62 OK
r-release-linux-x86_64 0.3-1 214.92 62.57 277.49 OK
r-release-macos-arm64 0.3-1 79.00 NOTE
r-release-macos-x86_64 0.3-1 90.00 NOTE
r-release-windows-x86_64 0.3-1 183.00 91.00 274.00 OK
r-oldrel-macos-arm64 0.3-1 97.00 NOTE
r-oldrel-macos-x86_64 0.3-1 127.00 NOTE
r-oldrel-windows-x86_64 0.3-1 235.00 108.00 343.00 OK

Check Details

Version: 0.3-1
Check: Rd cross-references
Result: NOTE Found the following Rd file(s) with Rd \link{} targets missing package anchors: Rcpp_CONEC-class.Rd: C++Object-class Rcpp_CPS-class.Rd: C++Object-class Rcpp_CTRL-class.Rd: C++Object-class Rcpp_DCP-class.Rd: C++Object-class Rcpp_DLP-class.Rd: C++Object-class Rcpp_DNL-class.Rd: C++Object-class Rcpp_DQP-class.Rd: C++Object-class Rcpp_PDV-class.Rd: C++Object-class Please provide package anchors for all Rd \link{} targets not in the package itself and the base packages. Flavor: r-devel-windows-x86_64

Version: 0.3-1
Check: installed package size
Result: NOTE installed size is 17.6Mb sub-directories of 1Mb or more: libs 17.3Mb Flavors: r-release-macos-arm64, r-release-macos-x86_64, r-oldrel-macos-arm64, r-oldrel-macos-x86_64