CRAN Package Check Results for Package catcont

Last updated on 2024-05-25 19:54:15 CEST.

Flavor Version Tinstall Tcheck Ttotal Status Flags
r-devel-linux-x86_64-debian-clang 0.5.0 3.53 44.26 47.79 NOTE
r-devel-linux-x86_64-debian-gcc 0.5.0 3.17 32.39 35.56 NOTE
r-devel-linux-x86_64-fedora-clang 0.5.0 66.20 NOTE
r-devel-linux-x86_64-fedora-gcc 0.5.0 56.67 NOTE
r-devel-windows-x86_64 0.5.0 5.00 53.00 58.00 NOTE
r-patched-linux-x86_64 0.5.0 4.85 41.40 46.25 NOTE
r-release-linux-x86_64 0.5.0 4.89 40.71 45.60 NOTE
r-release-macos-arm64 0.5.0 22.00 NOTE
r-release-windows-x86_64 0.5.0 5.00 53.00 58.00 NOTE
r-oldrel-macos-arm64 0.5.0 22.00 NOTE
r-oldrel-macos-x86_64 0.5.0 28.00 NOTE
r-oldrel-windows-x86_64 0.5.0 6.00 56.00 62.00 NOTE

Check Details

Version: 0.5.0
Check: LazyData
Result: NOTE 'LazyData' is specified without a 'data' directory Flavors: r-devel-linux-x86_64-debian-clang, r-devel-linux-x86_64-debian-gcc, r-devel-linux-x86_64-fedora-clang, r-devel-linux-x86_64-fedora-gcc, r-devel-windows-x86_64, r-patched-linux-x86_64, r-release-linux-x86_64, r-release-macos-arm64, r-release-windows-x86_64, r-oldrel-macos-arm64, r-oldrel-macos-x86_64, r-oldrel-windows-x86_64