CRAN Package Check Results for Package canadianmaps

Last updated on 2025-01-19 19:48:16 CET.

Flavor Version Tinstall Tcheck Ttotal Status Flags
r-devel-linux-x86_64-debian-clang 2.0.0 12.26 28.91 41.17 OK
r-devel-linux-x86_64-debian-gcc 2.0.0 9.62 22.46 32.08 OK
r-devel-linux-x86_64-fedora-clang 2.0.0 62.49 NOTE
r-devel-linux-x86_64-fedora-gcc 2.0.0 60.88 NOTE
r-devel-windows-x86_64 2.0.0 13.00 57.00 70.00 OK
r-patched-linux-x86_64 2.0.0 12.86 27.10 39.96 OK
r-release-linux-x86_64 2.0.0 12.96 26.98 39.94 OK
r-release-macos-arm64 2.0.0 29.00 OK
r-release-macos-x86_64 2.0.0 41.00 OK
r-release-windows-x86_64 2.0.0 15.00 57.00 72.00 OK
r-oldrel-macos-arm64 2.0.0 32.00 OK
r-oldrel-macos-x86_64 2.0.0 69.00 OK
r-oldrel-windows-x86_64 2.0.0 14.00 60.00 74.00 OK

Check Details

Version: 2.0.0
Check: dependencies in R code
Result: NOTE Namespace in Imports field not imported from: ‘sf’ All declared Imports should be used. Flavors: r-devel-linux-x86_64-fedora-clang, r-devel-linux-x86_64-fedora-gcc