CRAN Package Check Results for Package caffsim

Last updated on 2024-05-27 19:53:52 CEST.

Flavor Version Tinstall Tcheck Ttotal Status Flags
r-devel-linux-x86_64-debian-clang 0.2.2 11.69 104.36 116.05 OK
r-devel-linux-x86_64-debian-gcc 0.2.2 9.58 76.95 86.53 OK
r-devel-linux-x86_64-fedora-clang 0.2.2 157.13 NOTE
r-devel-linux-x86_64-fedora-gcc 0.2.2 134.91 NOTE
r-devel-windows-x86_64 0.2.2 13.00 89.00 102.00 OK
r-patched-linux-x86_64 0.2.2 9.67 96.08 105.75 OK
r-release-linux-x86_64 0.2.2 8.77 96.78 105.55 OK
r-release-macos-arm64 0.2.2 43.00 OK
r-release-windows-x86_64 0.2.2 11.00 93.00 104.00 OK
r-oldrel-macos-arm64 0.2.2 45.00 OK
r-oldrel-macos-x86_64 0.2.2 64.00 OK
r-oldrel-windows-x86_64 0.2.2 14.00 109.00 123.00 OK

Check Details

Version: 0.2.2
Check: dependencies in R code
Result: NOTE Namespace in Imports field not imported from: ‘markdown’ All declared Imports should be used. Flavors: r-devel-linux-x86_64-fedora-clang, r-devel-linux-x86_64-fedora-gcc