CRAN Package Check Results for Package cOde

Last updated on 2024-06-16 19:53:14 CEST.

Flavor Version Tinstall Tcheck Ttotal Status Flags
r-devel-linux-x86_64-debian-clang 1.1.1 3.99 34.12 38.11 NOTE
r-devel-linux-x86_64-debian-gcc 1.1.1 3.07 25.63 28.70 NOTE
r-devel-linux-x86_64-fedora-clang 1.1.1 50.30 NOTE
r-devel-linux-x86_64-fedora-gcc 1.1.1 46.31 NOTE
r-devel-windows-x86_64 1.1.1 4.00 54.00 58.00 OK
r-patched-linux-x86_64 1.1.1 4.36 31.71 36.07 NOTE
r-release-linux-x86_64 1.1.1 3.10 32.09 35.19 NOTE
r-release-macos-arm64 1.1.1 18.00 NOTE
r-release-macos-x86_64 1.1.1 27.00 NOTE
r-release-windows-x86_64 1.1.1 4.00 54.00 58.00 OK
r-oldrel-macos-arm64 1.1.1 18.00 OK
r-oldrel-macos-x86_64 1.1.1 26.00 OK
r-oldrel-windows-x86_64 1.1.1 6.00 56.00 62.00 OK

Check Details

Version: 1.1.1
Check: package dependencies
Result: NOTE Package suggested but not available for checking: ‘bvpSolve’ Flavors: r-devel-linux-x86_64-debian-clang, r-devel-linux-x86_64-debian-gcc, r-devel-linux-x86_64-fedora-clang, r-devel-linux-x86_64-fedora-gcc, r-patched-linux-x86_64, r-release-linux-x86_64, r-release-macos-arm64, r-release-macos-x86_64