CRAN Package Check Results for Package bslib

Last updated on 2024-06-13 07:50:23 CEST.

Flavor Version Tinstall Tcheck Ttotal Status Flags
r-devel-linux-x86_64-debian-clang 0.7.0 13.00 144.15 157.15 OK
r-devel-linux-x86_64-debian-gcc 0.7.0 7.82 50.93 58.75 ERROR
r-devel-linux-x86_64-fedora-clang 0.7.0 183.46 NOTE
r-devel-linux-x86_64-fedora-gcc 0.7.0 188.57 OK
r-devel-windows-x86_64 0.7.0 14.00 109.00 123.00 NOTE
r-patched-linux-x86_64 0.7.0 18.41 142.93 161.34 OK
r-release-linux-x86_64 0.7.0 12.53 143.85 156.38 OK
r-release-macos-arm64 0.7.0 46.00 NOTE
r-release-macos-x86_64 0.7.0 90.00 NOTE
r-release-windows-x86_64 0.7.0 15.00 111.00 126.00 NOTE
r-oldrel-macos-arm64 0.7.0 50.00 NOTE
r-oldrel-macos-x86_64 0.7.0 106.00 NOTE
r-oldrel-windows-x86_64 0.7.0 17.00 136.00 153.00 NOTE

Check Details

Version: 0.7.0
Check: package dependencies
Result: NOTE Packages suggested but not available for checking: 'ggplot2', 'testthat', 'thematic' Flavor: r-devel-linux-x86_64-debian-gcc

Version: 0.7.0
Check: tests
Result: ERROR Running ‘testthat.R’ [0s/1s] Running the tests in ‘tests/testthat.R’ failed. Complete output: > library(testthat) Error in library(testthat) : there is no package called 'testthat' Execution halted Flavor: r-devel-linux-x86_64-debian-gcc

Version: 0.7.0
Check: installed package size
Result: NOTE installed size is 12.2Mb sub-directories of 1Mb or more: components 1.0Mb fonts 2.8Mb lib 5.6Mb Flavors: r-devel-linux-x86_64-fedora-clang, r-devel-windows-x86_64, r-release-macos-arm64, r-release-macos-x86_64, r-release-windows-x86_64, r-oldrel-macos-arm64, r-oldrel-macos-x86_64, r-oldrel-windows-x86_64