Last updated on 2025-01-18 19:49:03 CET.
Flavor | Version | Tinstall | Tcheck | Ttotal | Status | Flags |
---|---|---|---|---|---|---|
r-devel-linux-x86_64-debian-clang | 0.8.0 | 8.87 | 108.43 | 117.30 | OK | |
r-devel-linux-x86_64-debian-gcc | 0.8.0 | 6.56 | 74.91 | 81.47 | OK | |
r-devel-linux-x86_64-fedora-clang | 0.8.0 | 190.00 | OK | |||
r-devel-linux-x86_64-fedora-gcc | 0.8.0 | 193.27 | OK | |||
r-devel-windows-x86_64 | 0.8.0 | 17.00 | 116.00 | 133.00 | OK | |
r-patched-linux-x86_64 | 0.8.0 | 10.49 | 106.19 | 116.68 | OK | |
r-release-linux-x86_64 | 0.8.0 | 7.39 | 106.78 | 114.17 | OK | |
r-release-macos-arm64 | 0.8.0 | 51.00 | NOTE | |||
r-release-macos-x86_64 | 0.8.0 | 147.00 | NOTE | |||
r-release-windows-x86_64 | 0.8.0 | 19.00 | 115.00 | 134.00 | NOTE | |
r-oldrel-macos-arm64 | 0.8.0 | 57.00 | NOTE | |||
r-oldrel-macos-x86_64 | 0.8.0 | 96.00 | NOTE | |||
r-oldrel-windows-x86_64 | 0.8.0 | 15.00 | 136.00 | 151.00 | NOTE |
Version: 0.8.0
Check: installed package size
Result: NOTE
installed size is 11.7Mb
sub-directories of 1Mb or more:
components 1.0Mb
fonts 2.8Mb
lib 5.2Mb
Flavors: r-release-macos-arm64, r-release-macos-x86_64, r-release-windows-x86_64, r-oldrel-macos-arm64, r-oldrel-macos-x86_64, r-oldrel-windows-x86_64