CRAN Package Check Results for Package brlrmr

Last updated on 2024-07-19 20:49:26 CEST.

Flavor Version Tinstall Tcheck Ttotal Status Flags
r-devel-linux-x86_64-debian-clang 0.1.7 3.62 29.54 33.16 OK
r-devel-linux-x86_64-debian-gcc 0.1.7 2.39 22.29 24.68 OK
r-devel-linux-x86_64-fedora-clang 0.1.7 40.51 NOTE
r-devel-linux-x86_64-fedora-gcc 0.1.7 38.68 NOTE
r-devel-windows-x86_64 0.1.7 4.00 45.00 49.00 OK
r-patched-linux-x86_64 0.1.7 3.67 28.03 31.70 OK
r-release-linux-x86_64 0.1.7 3.05 28.37 31.42 OK
r-release-macos-arm64 0.1.7 17.00 OK
r-release-macos-x86_64 0.1.7 24.00 OK
r-release-windows-x86_64 0.1.7 4.00 43.00 47.00 OK
r-oldrel-macos-arm64 0.1.7 19.00 OK
r-oldrel-macos-x86_64 0.1.7 25.00 OK
r-oldrel-windows-x86_64 0.1.7 4.00 46.00 50.00 OK

Check Details

Version: 0.1.7
Check: dependencies in R code
Result: NOTE Namespaces in Imports field not imported from: ‘Rcpp’ ‘profileModel’ All declared Imports should be used. Flavors: r-devel-linux-x86_64-fedora-clang, r-devel-linux-x86_64-fedora-gcc