CRAN Package Check Results for Package bridgedist

Last updated on 2024-06-14 07:52:55 CEST.

Flavor Version Tinstall Tcheck Ttotal Status Flags
r-devel-linux-x86_64-debian-clang 0.1.2 2.01 31.87 33.88 NOTE
r-devel-linux-x86_64-debian-gcc 0.1.2 1.56 24.93 26.49 NOTE
r-devel-linux-x86_64-fedora-clang 0.1.2 45.77 NOTE
r-devel-linux-x86_64-fedora-gcc 0.1.2 54.75 NOTE
r-devel-windows-x86_64 0.1.2 2.00 46.00 48.00 NOTE
r-patched-linux-x86_64 0.1.2 1.92 30.58 32.50 NOTE
r-release-linux-x86_64 0.1.2 1.99 31.36 33.35 NOTE
r-release-macos-arm64 0.1.2 23.00 OK
r-release-macos-x86_64 0.1.2 34.00 OK
r-release-windows-x86_64 0.1.2 2.00 47.00 49.00 NOTE
r-oldrel-macos-arm64 0.1.2 23.00 OK
r-oldrel-macos-x86_64 0.1.2 35.00 OK
r-oldrel-windows-x86_64 0.1.2 3.00 54.00 57.00 OK

Check Details

Version: 0.1.2
Check: HTML version of manual
Result: NOTE Found the following HTML validation problems: Bridge.html:80:32 (Bridge.Rd:63): Warning: trimming empty <code> Bridge.html:85:32 (Bridge.Rd:65): Warning: trimming empty <code> Flavors: r-devel-linux-x86_64-debian-clang, r-devel-linux-x86_64-debian-gcc, r-devel-linux-x86_64-fedora-clang, r-devel-linux-x86_64-fedora-gcc, r-devel-windows-x86_64, r-patched-linux-x86_64, r-release-linux-x86_64, r-release-windows-x86_64