CRAN Package Check Results for Package brglm

Last updated on 2024-06-14 07:52:55 CEST.

Flavor Version Tinstall Tcheck Ttotal Status Flags
r-devel-linux-x86_64-debian-clang 0.7.2 3.77 33.37 37.14 NOTE
r-devel-linux-x86_64-debian-gcc 0.7.2 3.08 25.34 28.42 NOTE
r-devel-linux-x86_64-fedora-clang 0.7.2 46.92 NOTE
r-devel-linux-x86_64-fedora-gcc 0.7.2 44.23 NOTE
r-devel-windows-x86_64 0.7.2 6.00 55.00 61.00 NOTE
r-patched-linux-x86_64 0.7.2 4.77 32.54 37.31 NOTE
r-release-linux-x86_64 0.7.2 3.16 31.85 35.01 NOTE
r-release-macos-arm64 0.7.2 20.00 NOTE
r-release-macos-x86_64 0.7.2 32.00 NOTE
r-release-windows-x86_64 0.7.2 5.00 57.00 62.00 NOTE
r-oldrel-macos-arm64 0.7.2 24.00 OK
r-oldrel-macos-x86_64 0.7.2 28.00 OK
r-oldrel-windows-x86_64 0.7.2 7.00 56.00 63.00 OK

Check Details

Version: 0.7.2
Check: Rd files
Result: NOTE checkRd: (-1) brglm.Rd:173: Lost braces in \itemize; meant \describe ? checkRd: (-1) brglm.Rd:174: Lost braces in \itemize; meant \describe ? checkRd: (-1) brglm.Rd:175-176: Lost braces in \itemize; meant \describe ? checkRd: (-1) brglm.Rd:177-178: Lost braces in \itemize; meant \describe ? checkRd: (-1) brglm.Rd:179-180: Lost braces in \itemize; meant \describe ? checkRd: (-1) brglm.Rd:181-182: Lost braces in \itemize; meant \describe ? checkRd: (-1) brglm.Rd:183-184: Lost braces in \itemize; meant \describe ? checkRd: (-1) profile.brglm.Rd:54-55: Lost braces in \itemize; meant \describe ? checkRd: (-1) profile.brglm.Rd:56: Lost braces in \itemize; meant \describe ? checkRd: (-1) profile.brglm.Rd:57: Lost braces in \itemize; meant \describe ? checkRd: (-1) profile.brglm.Rd:58: Lost braces in \itemize; meant \describe ? Flavors: r-devel-linux-x86_64-debian-clang, r-devel-linux-x86_64-debian-gcc, r-devel-linux-x86_64-fedora-clang, r-devel-linux-x86_64-fedora-gcc, r-devel-windows-x86_64, r-patched-linux-x86_64, r-release-linux-x86_64, r-release-macos-arm64, r-release-macos-x86_64, r-release-windows-x86_64