CRAN Package Check Results for Package bpgmm

Last updated on 2025-01-19 09:48:17 CET.

Flavor Version Tinstall Tcheck Ttotal Status Flags
r-devel-linux-x86_64-debian-clang 1.0.9 77.14 64.00 141.14 NOTE
r-devel-linux-x86_64-debian-gcc 1.0.9 52.79 43.22 96.01 NOTE
r-devel-linux-x86_64-fedora-clang 1.0.9 253.18 NOTE
r-devel-linux-x86_64-fedora-gcc 1.0.9 256.85 NOTE
r-devel-windows-x86_64 1.0.9 78.00 111.00 189.00 NOTE
r-patched-linux-x86_64 1.0.9 75.76 60.37 136.13 NOTE
r-release-linux-x86_64 1.0.9 79.90 60.52 140.42 NOTE
r-release-macos-arm64 1.0.9 63.00 NOTE
r-release-macos-x86_64 1.0.9 90.00 NOTE
r-release-windows-x86_64 1.0.9 81.00 113.00 194.00 NOTE
r-oldrel-macos-arm64 1.0.9 70.00 NOTE
r-oldrel-macos-x86_64 1.0.9 111.00 NOTE
r-oldrel-windows-x86_64 1.0.9 88.00 128.00 216.00 NOTE

Additional issues

donttest

Check Details

Version: 1.0.9
Check: C++ specification
Result: NOTE Specified C++11: please drop specification unless essential Flavors: r-devel-linux-x86_64-debian-clang, r-devel-linux-x86_64-debian-gcc, r-devel-linux-x86_64-fedora-clang, r-devel-linux-x86_64-fedora-gcc, r-devel-windows-x86_64, r-patched-linux-x86_64, r-release-linux-x86_64, r-release-macos-arm64, r-release-macos-x86_64, r-release-windows-x86_64, r-oldrel-macos-arm64, r-oldrel-macos-x86_64, r-oldrel-windows-x86_64

Version: 1.0.9
Check: installed package size
Result: NOTE installed size is 5.5Mb sub-directories of 1Mb or more: libs 5.3Mb Flavors: r-release-macos-arm64, r-release-macos-x86_64, r-oldrel-macos-arm64, r-oldrel-macos-x86_64