CRAN Package Check Results for Package bnviewer

Last updated on 2024-06-16 19:53:13 CEST.

Flavor Version Tinstall Tcheck Ttotal Status Flags
r-devel-linux-x86_64-debian-clang 0.1.6 5.36 48.01 53.37 NOTE
r-devel-linux-x86_64-debian-gcc 0.1.6 3.84 37.09 40.93 NOTE
r-devel-linux-x86_64-fedora-clang 0.1.6 65.55 NOTE
r-devel-linux-x86_64-fedora-gcc 0.1.6 63.17 NOTE
r-devel-windows-x86_64 0.1.6 5.00 59.00 64.00 NOTE
r-patched-linux-x86_64 0.1.6 5.46 46.12 51.58 NOTE
r-release-linux-x86_64 0.1.6 3.51 45.46 48.97 NOTE
r-release-macos-arm64 0.1.6 26.00 NOTE
r-release-macos-x86_64 0.1.6 57.00 NOTE
r-release-windows-x86_64 0.1.6 6.00 62.00 68.00 NOTE
r-oldrel-macos-arm64 0.1.6 25.00 NOTE
r-oldrel-macos-x86_64 0.1.6 40.00 NOTE
r-oldrel-windows-x86_64 0.1.6 7.00 64.00 71.00 NOTE

Check Details

Version: 0.1.6
Check: Rd files
Result: NOTE checkRd: (-1) strength.viewer.Rd:148: Lost braces in \itemize; meant \describe ? checkRd: (-1) strength.viewer.Rd:149: Lost braces in \itemize; meant \describe ? checkRd: (-1) strength.viewer.Rd:150: Lost braces in \itemize; meant \describe ? checkRd: (-1) strength.viewer.Rd:151: Lost braces in \itemize; meant \describe ? checkRd: (-1) strength.viewer.Rd:152: Lost braces in \itemize; meant \describe ? Flavors: r-devel-linux-x86_64-debian-clang, r-devel-linux-x86_64-debian-gcc, r-devel-linux-x86_64-fedora-clang, r-devel-linux-x86_64-fedora-gcc, r-devel-windows-x86_64, r-patched-linux-x86_64, r-release-linux-x86_64, r-release-macos-arm64, r-release-macos-x86_64, r-release-windows-x86_64

Version: 0.1.6
Check: LazyData
Result: NOTE 'LazyData' is specified without a 'data' directory Flavors: r-devel-linux-x86_64-debian-clang, r-devel-linux-x86_64-debian-gcc, r-devel-linux-x86_64-fedora-clang, r-devel-linux-x86_64-fedora-gcc, r-devel-windows-x86_64, r-patched-linux-x86_64, r-release-linux-x86_64, r-release-macos-arm64, r-release-macos-x86_64, r-release-windows-x86_64, r-oldrel-macos-arm64, r-oldrel-macos-x86_64, r-oldrel-windows-x86_64

Version: 0.1.6
Check: dependencies in R code
Result: NOTE Namespaces in Imports field not imported from: ‘caret’ ‘e1071’ All declared Imports should be used. Flavors: r-devel-linux-x86_64-fedora-clang, r-devel-linux-x86_64-fedora-gcc