CRAN Package Check Results for Package bndesr

Last updated on 2024-05-21 19:50:10 CEST.

Flavor Version Tinstall Tcheck Ttotal Status Flags
r-devel-linux-x86_64-debian-clang 1.0.3 2.04 33.24 35.28 OK
r-devel-linux-x86_64-debian-gcc 1.0.3 1.77 25.22 26.99 OK
r-devel-linux-x86_64-fedora-clang 1.0.3 48.84 NOTE
r-devel-linux-x86_64-fedora-gcc 1.0.3 42.81 NOTE
r-devel-windows-x86_64 1.0.3 3.00 58.00 61.00 OK
r-patched-linux-x86_64 1.0.3 2.42 32.17 34.59 OK
r-release-linux-x86_64 1.0.3 2.90 31.65 34.55 OK
r-release-macos-arm64 1.0.3 36.00 OK
r-release-windows-x86_64 1.0.3 3.00 60.00 63.00 OK
r-oldrel-macos-arm64 1.0.3 35.00 OK
r-oldrel-macos-x86_64 1.0.3 48.00 OK
r-oldrel-windows-x86_64 1.0.3 4.00 60.00 64.00 OK

Check Details

Version: 1.0.3
Check: dependencies in R code
Result: NOTE Namespace in Imports field not imported from: ‘curl’ All declared Imports should be used. Flavors: r-devel-linux-x86_64-fedora-clang, r-devel-linux-x86_64-fedora-gcc