CRAN Package Check Results for Package blapsr

Last updated on 2025-01-20 19:49:09 CET.

Flavor Version Tinstall Tcheck Ttotal Status Flags
r-devel-linux-x86_64-debian-clang 0.6.1 12.66 125.09 137.75 NOTE
r-devel-linux-x86_64-debian-gcc 0.6.1 8.79 83.54 92.33 NOTE
r-devel-linux-x86_64-fedora-clang 0.6.1 223.50 OK
r-devel-linux-x86_64-fedora-gcc 0.6.1 225.05 OK
r-devel-windows-x86_64 0.6.1 14.00 134.00 148.00 NOTE
r-patched-linux-x86_64 0.6.1 14.53 117.35 131.88 OK
r-release-linux-x86_64 0.6.1 11.76 117.19 128.95 OK
r-release-macos-arm64 0.6.1 66.00 OK
r-release-macos-x86_64 0.6.1 117.00 OK
r-release-windows-x86_64 0.6.1 14.00 132.00 146.00 OK
r-oldrel-macos-arm64 0.6.1 62.00 OK
r-oldrel-macos-x86_64 0.6.1 112.00 OK
r-oldrel-windows-x86_64 0.6.1 17.00 162.00 179.00 OK

Check Details

Version: 0.6.1
Check: Rd cross-references
Result: NOTE Found the following Rd file(s) with Rd \link{} targets missing package anchors: coxlps.Rd: Surv, coxph curelps.Rd: Surv Please provide package anchors for all Rd \link{} targets not in the package itself and the base packages. Flavors: r-devel-linux-x86_64-debian-clang, r-devel-linux-x86_64-debian-gcc, r-devel-windows-x86_64