CRAN Package Check Results for Package binman

Last updated on 2024-06-13 07:50:22 CEST.

Flavor Version Tinstall Tcheck Ttotal Status Flags
r-devel-linux-x86_64-debian-clang 0.1.3 3.71 37.82 41.53 OK
r-devel-linux-x86_64-debian-gcc 0.1.3 2.57 28.14 30.71 ERROR
r-devel-linux-x86_64-fedora-clang 0.1.3 52.33 OK
r-devel-linux-x86_64-fedora-gcc 0.1.3 61.76 OK
r-devel-windows-x86_64 0.1.3 4.00 52.00 56.00 OK
r-patched-linux-x86_64 0.1.3 3.83 35.48 39.31 OK
r-release-linux-x86_64 0.1.3 2.52 36.59 39.11 OK
r-release-macos-arm64 0.1.3 28.00 OK
r-release-macos-x86_64 0.1.3 41.00 OK
r-release-windows-x86_64 0.1.3 4.00 53.00 57.00 OK
r-oldrel-macos-arm64 0.1.3 28.00 OK
r-oldrel-macos-x86_64 0.1.3 37.00 OK
r-oldrel-windows-x86_64 0.1.3 5.00 54.00 59.00 OK

Check Details

Version: 0.1.3
Check: package dependencies
Result: NOTE Package suggested but not available for checking: ‘testthat’ Flavor: r-devel-linux-x86_64-debian-gcc

Version: 0.1.3
Check: tests
Result: ERROR Running ‘testthat.R’ [0s/1s] Running the tests in ‘tests/testthat.R’ failed. Complete output: > library(testthat) Error in library(testthat) : there is no package called 'testthat' Execution halted Flavor: r-devel-linux-x86_64-debian-gcc