CRAN Package Check Results for Package biglasso

Last updated on 2024-06-13 07:50:22 CEST.

Flavor Version Tinstall Tcheck Ttotal Status Flags
r-devel-linux-x86_64-debian-clang 1.6.0 129.86 119.21 249.07 OK
r-devel-linux-x86_64-debian-gcc 1.6.0 96.55 92.38 188.93 NOTE
r-devel-linux-x86_64-fedora-clang 1.6.0 356.08 OK
r-devel-linux-x86_64-fedora-gcc 1.6.0 381.46 OK
r-devel-windows-x86_64 1.6.0 115.00 164.00 279.00 OK
r-patched-linux-x86_64 1.6.0 110.39 116.84 227.23 OK
r-release-linux-x86_64 1.6.0 110.18 115.40 225.58 OK
r-release-macos-arm64 1.6.0 111.00 NOTE
r-release-macos-x86_64 1.6.0 119.00 NOTE
r-release-windows-x86_64 1.6.0 113.00 173.00 286.00 OK
r-oldrel-macos-arm64 1.6.0 99.00 NOTE
r-oldrel-macos-x86_64 1.6.0 192.00 NOTE
r-oldrel-windows-x86_64 1.6.0 141.00 188.00 329.00 OK

Check Details

Version: 1.6.0
Check: package dependencies
Result: NOTE Package suggested but not available for checking: ‘testthat’ Flavor: r-devel-linux-x86_64-debian-gcc

Version: 1.6.0
Check: installed package size
Result: NOTE installed size is 5.3Mb sub-directories of 1Mb or more: libs 4.3Mb Flavors: r-release-macos-arm64, r-release-macos-x86_64, r-oldrel-macos-arm64, r-oldrel-macos-x86_64